{"id":405,"date":"2015-09-16T06:50:51","date_gmt":"2015-09-16T06:50:51","guid":{"rendered":"http:\/\/beta.stucos.hr\/?page_id=405"},"modified":"2025-02-06T14:08:14","modified_gmt":"2025-02-06T12:08:14","slug":"kontakti-3","status":"publish","type":"page","link":"https:\/\/www.stucos.unios.hr\/?page_id=405","title":{"rendered":"Kontakti"},"content":{"rendered":"<p><strong>Ured ravnatelja<\/strong><br \/>\nRavnatelj, Ivica Brekalo, univ. mag. oec.<br \/>\nVoditeljica ureda ravnatelja: Jasminka Cvjetkovi\u0107<br \/>\n<em>tel. 031 220-600<br \/>\nured@stucos.hr<\/em><\/p>\n<p><strong>Tajni\u0161tvo<br \/>\n<\/strong>Tajnica ustanove: Ivana Herceg Mi\u0161kovi\u0107, univ. mag. iur.,<br \/>\n<em>tel. 031 220-600<br \/>\niherceg@stucos.hr<\/em><\/p>\n<p><strong>Slu\u017eba za financijsko-ra\u010dunovodstvene poslove<br \/>\n<\/strong>Mr. Sc. Gordana Cerove\u010dki-Mariji\u0107, dipl. oec., rukovoditelj slu\u017ebe za financijsko-ra\u010dunovodstvene poslove<br \/>\ngcerovecki@stucos.hr<br \/>\n<em>tel: 031\/ 220-620<\/em><\/p>\n<p><strong>Knjigovodstvo<br \/>\n<\/strong><em>tel: 031\/220-641<\/em><\/p>\n<div><strong>Slu\u017eba za tehni\u010dke poslove<\/strong><\/div>\n<div>Voditelj: Miljenko \u0160usti\u0107<\/div>\n<div><em>tel: 031\/ 220-600<\/em><\/div>\n<div><em>msustic@stucos.hr<\/em><\/div>\n","protected":false},"excerpt":{"rendered":"<p>Ured ravnatelja Ravnatelj, Ivica Brekalo, univ. mag. oec. Voditeljica ureda ravnatelja: Jasminka Cvjetkovi\u0107 tel. 031 220-600 ured@stucos.hr Tajni\u0161tvo Tajnica ustanove: Ivana Herceg Mi\u0161kovi\u0107, univ. mag. iur., tel. 031 220-600 iherceg@stucos.hr Slu\u017eba za financijsko-ra\u010dunovodstvene poslove Mr. Sc. Gordana Cerove\u010dki-Mariji\u0107, dipl. oec., rukovoditelj slu\u017ebe za financijsko-ra\u010dunovodstvene poslove gcerovecki@stucos.hr tel: 031\/ 220-620 Knjigovodstvo tel: 031\/220-641 Slu\u017eba za tehni\u010dke [&hellip;]<\/p>\n","protected":false},"author":1,"featured_media":0,"parent":0,"menu_order":0,"comment_status":"closed","ping_status":"closed","template":"","meta":[],"_links":{"self":[{"href":"https:\/\/www.stucos.unios.hr\/index.php?rest_route=\/wp\/v2\/pages\/405"}],"collection":[{"href":"https:\/\/www.stucos.unios.hr\/index.php?rest_route=\/wp\/v2\/pages"}],"about":[{"href":"https:\/\/www.stucos.unios.hr\/index.php?rest_route=\/wp\/v2\/types\/page"}],"author":[{"embeddable":true,"href":"https:\/\/www.stucos.unios.hr\/index.php?rest_route=\/wp\/v2\/users\/1"}],"replies":[{"embeddable":true,"href":"https:\/\/www.stucos.unios.hr\/index.php?rest_route=%2Fwp%2Fv2%2Fcomments&post=405"}],"version-history":[{"count":19,"href":"https:\/\/www.stucos.unios.hr\/index.php?rest_route=\/wp\/v2\/pages\/405\/revisions"}],"predecessor-version":[{"id":5049,"href":"https:\/\/www.stucos.unios.hr\/index.php?rest_route=\/wp\/v2\/pages\/405\/revisions\/5049"}],"wp:attachment":[{"href":"https:\/\/www.stucos.unios.hr\/index.php?rest_route=%2Fwp%2Fv2%2Fmedia&parent=405"}],"curies":[{"name":"wp","href":"https:\/\/api.w.org\/{rel}","templated":true}]}}