{"id":37,"date":"2015-03-31T12:58:01","date_gmt":"2015-03-31T12:58:01","guid":{"rendered":"http:\/\/beta.stucos.hr\/?page_id=37"},"modified":"2015-10-19T11:26:39","modified_gmt":"2015-10-19T09:26:39","slug":"naslovna","status":"publish","type":"page","link":"https:\/\/www.stucos.unios.hr\/","title":{"rendered":"Naslovna"},"content":{"rendered":"<p>[et_pb_section admin_label=&#8221;section&#8221; fullwidth=&#8221;on&#8221; specialty=&#8221;off&#8221;][et_pb_fullwidth_slider admin_label=&#8221;Fullwidth Slider&#8221; show_arrows=&#8221;off&#8221; show_pagination=&#8221;off&#8221; auto=&#8221;on&#8221; auto_ignore_hover=&#8221;off&#8221; parallax=&#8221;off&#8221; parallax_method=&#8221;off&#8221; remove_inner_shadow=&#8221;off&#8221; background_position=&#8221;default&#8221; background_size=&#8221;default&#8221; hide_content_on_mobile=&#8221;off&#8221; hide_cta_on_mobile=&#8221;off&#8221; show_image_video_mobile=&#8221;off&#8221; custom_button=&#8221;off&#8221; button_letter_spacing=&#8221;0&#8243; button_use_icon=&#8221;default&#8221; button_icon_placement=&#8221;right&#8221; button_on_hover=&#8221;on&#8221; button_letter_spacing_hover=&#8221;0&#8243;]<\/p>\n<p>[et_pb_slide background_position=&#8221;default&#8221; background_size=&#8221;default&#8221; background_color=&#8221;#ffffff&#8221; alignment=&#8221;center&#8221; background_layout=&#8221;dark&#8221; allow_player_pause=&#8221;off&#8221; header_font_select=&#8221;default&#8221; body_font_select=&#8221;default&#8221; custom_button=&#8221;off&#8221; button_font_select=&#8221;default&#8221; button_use_icon=&#8221;default&#8221; button_icon_placement=&#8221;right&#8221; button_on_hover=&#8221;on&#8221; background_image=&#8221;http:\/\/www.stucos.unios.hr\/wp-content\/uploads\/2015\/04\/treca.jpg&#8221; header_line_height=&#8221;2&#8243;]<\/p>\n<div style=\"opacity:0\">\n.<br \/>\n.<\/p>\n<\/div>\n<p>[\/et_pb_slide][et_pb_slide background_position=&#8221;default&#8221; background_size=&#8221;default&#8221; background_color=&#8221;#ffffff&#8221; alignment=&#8221;center&#8221; background_layout=&#8221;dark&#8221; allow_player_pause=&#8221;off&#8221; header_font_select=&#8221;default&#8221; body_font_select=&#8221;default&#8221; custom_button=&#8221;off&#8221; button_font_select=&#8221;default&#8221; button_use_icon=&#8221;default&#8221; button_icon_placement=&#8221;right&#8221; button_on_hover=&#8221;on&#8221; background_image=&#8221;http:\/\/www.stucos.unios.hr\/wp-content\/uploads\/2015\/04\/druga.jpg&#8221;]<\/p>\n<p><\/p>\n<p>[\/et_pb_slide][et_pb_slide background_position=&#8221;default&#8221; background_size=&#8221;default&#8221; background_color=&#8221;#ffffff&#8221; alignment=&#8221;center&#8221; background_layout=&#8221;dark&#8221; allow_player_pause=&#8221;off&#8221; header_font_select=&#8221;default&#8221; body_font_select=&#8221;default&#8221; custom_button=&#8221;off&#8221; button_font_select=&#8221;default&#8221; button_use_icon=&#8221;default&#8221; button_icon_placement=&#8221;right&#8221; button_on_hover=&#8221;on&#8221; background_image=&#8221;http:\/\/www.stucos.unios.hr\/wp-content\/uploads\/2015\/04\/prva.jpg&#8221;]<\/p>\n<p><\/p>\n<p>[\/et_pb_slide]<\/p>\n<p>[\/et_pb_fullwidth_slider][\/et_pb_section][et_pb_section admin_label=&#8221;section&#8221; fullwidth=&#8221;off&#8221; specialty=&#8221;off&#8221; background_color=&#8221;#ffffff&#8221; inner_shadow=&#8221;off&#8221; parallax=&#8221;off&#8221;][et_pb_row admin_label=&#8221;row&#8221;][et_pb_column type=&#8221;1_4&#8243;][et_pb_sidebar admin_label=&#8221;Sidebar&#8221; orientation=&#8221;left&#8221; area=&#8221;et_pb_widget_area_1&#8243; background_layout=&#8221;light&#8221;]<\/p>\n<p><\/p>\n<p>[\/et_pb_sidebar][\/et_pb_column][et_pb_column type=&#8221;1_2&#8243;][et_pb_text admin_label=&#8221;Text&#8221; background_layout=&#8221;light&#8221; text_orientation=&#8221;left&#8221; use_border_color=&#8221;off&#8221; border_color=&#8221;#ffffff&#8221; border_style=&#8221;solid&#8221;]<\/p>\n<p>\n<!--<\/p>\n\n\n\n\n<div class=\"entry-content\">\n\n\n<p>Dobrodo\u0161li na web stranicu Studentskog centra u Osijeku<\/p>\n\n\n\n\n<p>Po\u0161tovani,<br \/> Na po\u010detku akademske 2014\/2015. godine, uz dobrodo\u0161licu, vama studentima&nbsp;Sveu\u010dili\u0161ta J.J. Strossmayera u Osijeku, u ime uprave Studentskog centra \u017eelim uspjeh tijekom studija i ugodan boravak u Osijeku.&nbsp;I ove godine, za na\u0161 susret, priredili smo vam informaciju o djelatnostima i ustroju&nbsp;Studentskog centra u Osijeku. Informacija \u0107e vam poslu\u017eiti kao vodi\u010d kroz Studentski centar gdje \u0107ete tijekom studija \u010desto boraviti i \u010dije \u0107ete usluge uveliko koristiti.&nbsp;Studentski centar u Osijeku je ustanova \u010dija je osnovna djelatnost smje\u0161taj i prehrana studenata, povremeno i privremeno zapo\u0161ljavanje, te kulturno-zabavni i \u0161portski \u017eivot studenata.&nbsp;Utemeljen je 23. studenoga 1963. godine, a od 9. lipnja 1982. godine je u sastavu&nbsp;Sveu\u010dili\u0161ta Josipa Jurja Strossmayera u Osijeku.&nbsp;Izra\u017eavaju\u0107i vam dobrodo\u0161licu na Sveu\u010dili\u0161te Josipa Jurja Strossmayera i grad Osijek,&nbsp;pozivam vas u Studentski centar, mjesto koje je namijenjeno i primjereno vama studentima.<\/p>\n\n\n\n\n<p>S po\u0161tovanjem.<br \/> Ravnatelj<\/p>\n\n\n\n\n<div align=\"left\">&nbsp;&nbsp;&nbsp;&nbsp;&nbsp;&nbsp;&nbsp;&nbsp;&nbsp;&nbsp;&nbsp;&nbsp;&nbsp;&nbsp;&nbsp;&nbsp;&nbsp;&nbsp;&nbsp;&nbsp;&nbsp;&nbsp;&nbsp;&nbsp;&nbsp;&nbsp;&nbsp;&nbsp;&nbsp;&nbsp;&nbsp;&nbsp;&nbsp;&nbsp;&nbsp;&nbsp;&nbsp;&nbsp;&nbsp;&nbsp;&nbsp;&nbsp;&nbsp;&nbsp;&nbsp;&nbsp;&nbsp;&nbsp;&nbsp;&nbsp; &nbsp; &nbsp; &nbsp; &nbsp; &nbsp; &nbsp; &nbsp; &nbsp; &nbsp;&nbsp;&nbsp;&nbsp;&nbsp;&nbsp;&nbsp;&nbsp;&nbsp;&nbsp;&nbsp;&nbsp;&nbsp;&nbsp;&nbsp;&nbsp;&nbsp;&nbsp;&nbsp;&nbsp;&nbsp;&nbsp;&nbsp;&nbsp;&nbsp;&nbsp;&nbsp;&nbsp; Tugomir Kuduz<\/div>\n\n\n\n\n<div align=\"left\">\n\n\n<hr>\n\n\n<\/div>\n\n\n\n\n<div align=\"left\">\n\n\n<p>Obavijest studenticama i studentima, poslovnim partnerima i ostalima koje zanima rad Studentskog servisa:<br \/> Od 18.03.2013.g. ponudu poslova, kao i sve druge obavijesti iz Studentskog centra u Osijeku mo\u017eete pratiti i putem <a href=\"http:\/\/www.facebook.com\/pages\/Studentski-servis-Osijek-Studentski-centar-u-Osijeku\/138315679674425\" target=\"_blank\">Facebooka<\/a>!<br \/> Lajkajte na\u0161 Fan Page Studentski servis Osijek-Studentski centar u Osijeku i budite u toku!<br \/> <strong><strong><strong><em><em><em><em><em><em><em><strong><img loading=\"lazy\" src=\"http:\/\/s24.postimage.org\/hfckmz4md\/SSO_logo.jpg\" alt=\"\" width=\"418\" height=\"413\" border=\"0\" hspace=\"0\" vspace=\"0\"><\/strong><\/em><\/em><\/em><\/em><\/em><\/em><\/em><\/strong><\/strong><\/strong><\/p>\n\n\n<\/div>\n\n\n\n\n<div align=\"left\"><strong><strong><strong><strong><br \/> <\/strong><\/strong><\/strong><\/strong>OBAVIJEST STUDENTIMA!!!OD 01. LISTOPADA 2013.g. PRIMJENJUJE SE NOVI PRAVILNIK O UVJETIMA<br \/> I NA\u010cINU OSTVARIVANJA PRAVA NA POKRI\u0106E TRO\u0160KOVA PREHRANE<br \/> STUDENATA (<a href=\"http:\/\/narodne-novine.nn.hr\/clanci\/sluzbeni\/2013_09_120_2586.html\" target=\"_self\">NN 120\/13<\/a>).NOVIM PRAVILNIKOM UTVR\u0110UJU SE \u0160IFRA, NAZIV JELA ILI ARTIKLA, NORMATIV I PRODAJNA CIJENA, KOJI SU JEDINSTVENI NA PODRU\u010cJU REPUBLIKE HRVATSKE.STUDENTSKI CENTAR OSIJEK ZAPO\u010cINJE S PONUDOM MENI OBROKA NA LINIJI U ISTARKOJ 5 I U RESTORANU CAMPUSU.MENI OBROK JE SLO\u017dENI OBROK KOJI SE SASTOJI OD 6 DIJELOVA:<br \/> JUHA, GLAVNO JELO PRILOG\/VARIVO, SALATA, DESERT\/NAPITAK I PECIVO.<br \/> UPLATNI IZNOS MENI OBROKA OD 6,50 KN PLA\u0106A SE&nbsp; SAMO AKO STUDENT UZME&nbsp;SVE SASTAVNICE MENI OBROKA.MOLIMO STUDENTE DA OBRATE PA\u017dNJU NA BITNE PROMJENE U PRAVILNIKU:\n\n\n<p>\u2013 TJEDNO DODIJELJIVANJE PRAVA NA X-ICI<br \/> \u2013 OGRANI\u010cENJE DNEVNOG LIMITA POTRO\u0160NJE<br \/> \u2013 OGRANI\u010cENJE BROJA KOMADA PO SKUPINAMA<\/p>\n\n\n\n\n<p>STUDENTSKI CENTAR U OSIJEKU<\/p>\n\n\n\n\n<hr>\n\n\n\n\n<p><strong><strong><strong><strong><br \/> <\/strong><\/strong><\/strong><\/strong>OBAVIJEST<\/p>\n\n\n\n\n<p>Po\u0161tovani studenti, u skladu s \u010dlankom 19. st.5. Pravilnika o uvjetima i na\u010dinu ostvarivanja prava na pokri\u0107e tro\u0161kova prehrane studenata u Osijeku je osnovano lokalno povjerenstvo za kontrolu prehrane studenata u sastavu (<a href=\"http:\/\/www.stucos.unios.hr\/prehrana\/Povjerenstvo.pdf\" target=\"_self\">Odluka<\/a>)<\/p>\n\n\n\n\n<p>Lokalno povjerenstvo za Osijek sastoji se od slijede\u0107ih \u010dlanova:<\/p>\n\n\n\n\n<p>Barbara Opa\u010dak, \u010dlan, studentica Elektrotehni\u010dkog fakulteta u Osijeku,<br \/> kontakt: 097\/799-1580<br \/> mail: barbara.opacak@gmail.com<br \/> barbara.opacak@etfos.hr<\/p>\n\n\n\n\n<p>Dino Bi\u010dvi\u0107, \u010dlan, student Ekonomski fakultet u Osijeku,<br \/> kontakt: 098\/280-036<br \/> mail: dino.bicvic@gmail.com<\/p>\n\n\n\n\n<p>Margita Jurman, \u010dlan, voditelj HACCAP tima za internu kontrolu Studentskog<br \/> centra u Osijeku<br \/> kontakt: 031\/220-600<br \/> mail:&nbsp; mjurman@stucos.hr<\/p>\n\n\n\n\n<p>Molimo da se \u010dlanovima povjerenstva direktno obratite u slu\u010daju primjedbi na cijene menija, ponude u restoranima, kvalitete obroka te ponude i cijena ostalih pojedina\u010dnih artikala, te zapa\u017eanja o radu djelatnika restorana kako bismo sve probleme u svezi prehrane mogli \u0161to br\u017ee i efikasnije rije\u0161iti.<\/p>\n\n\n\n\n<hr>\n\n\n\n\n<p><strong><strong><strong><strong><br \/> <\/strong><\/strong><\/strong><\/strong>OBAVIJEST<\/p>\n\n\n\n\n<p>Po\u0161tovani studenti, u skladu s \u010dlankom 19. st.5. Pravilnika o uvjetima i na\u010dinu ostvarivanja prava na pokri\u0107e tro\u0161kova prehrane studenata u \u0110akovu je osnovano lokalno povjerenstvo za kontrolu prehrane studenata u sastavu (<a href=\"http:\/\/www.stucos.unios.hr\/prehrana\/odluka_Djakovo.jpg\" target=\"_self\">Odluka<\/a>)<\/p>\n\n\n\n\n<p>Lokalno povjerenstvo za \u0110akovo sastoji se od slijede\u0107ih \u010dlanova:<\/p>\n\n\n\n\n<p>Filip Serti\u0107, \u010dlan, student Katoli\u010dkog bogoslovnog fakulteta u \u0110akovu,<br \/> kontakt: 097\/796-1036<br \/> mail: flukiks@gmail.com<\/p>\n\n\n\n\n<p>Tihomir Bori\u0107, student Katoli\u010dkog bogoslovnog fakulteta u \u0110akovu,<br \/> kontakt: 091\/601-7935<br \/> mail: tiho.boric@gmail.com<\/p>\n\n\n\n\n<p>Reneo Balog, predstavnik restorana \u201cCroatia turist\u201d koji pru\u017ea uslugu prehrane,<br \/> kontakt: 098\/971-1584<br \/> mail: croatia-turist@os..t-com.hr<\/p>\n\n\n\n\n<p>Molimo da se \u010dlanovima povjerenstva direktno obratite u slu\u010daju primjedbi na cijene menija, ponude u restoranima, kvalitete obroka te ponude i cijena ostalih pojedina\u010dnih artikala, te zapa\u017eanja o radu djelatnika restorana kako bismo sve probleme u svezi prehrane mogli \u0161to br\u017ee i efikasnije rije\u0161iti.<\/p>\n\n\n<\/div>\n\n\n<\/div>\n\n\n\n\n<p>--><\/p>\n<p>[\/et_pb_text][et_pb_blog admin_label=&#8221;Blog&#8221; fullwidth=&#8221;on&#8221; show_thumbnail=&#8221;on&#8221; show_content=&#8221;on&#8221; show_more=&#8221;off&#8221; show_author=&#8221;off&#8221; show_date=&#8221;off&#8221; show_categories=&#8221;on&#8221; show_comments=&#8221;off&#8221; show_pagination=&#8221;on&#8221; offset_number=&#8221;0&#8243; background_layout=&#8221;light&#8221; use_dropshadow=&#8221;off&#8221; use_border_color=&#8221;off&#8221; border_color=&#8221;#ffffff&#8221; border_style=&#8221;solid&#8221; include_categories=&#8221;1,10&#8243;]<\/p>\n<p><\/p>\n<p>[\/et_pb_blog][\/et_pb_column][et_pb_column type=&#8221;1_4&#8243;][et_pb_sidebar admin_label=&#8221;Sidebar&#8221; orientation=&#8221;right&#8221; area=&#8221;sidebar-1&#8243; background_layout=&#8221;light&#8221;]<\/p>\n<p><\/p>\n<p>[\/et_pb_sidebar][\/et_pb_column][\/et_pb_row][\/et_pb_section][et_pb_section admin_label=&#8221;section&#8221; fullwidth=&#8221;on&#8221; specialty=&#8221;off&#8221;][et_pb_fullwidth_code admin_label=&#8221;Fullwidth Code&#8221;]&lt;iframe src=&quot;https:\/\/www.google.com\/maps\/embed?pb=!1m18!1m12!1m3!1d4071.873856781198!2d18.695639304636977!3d45.555461867952246!2m3!1f0!2f0!3f0!3m2!1i1024!2i768!4f13.1!3m3!1m2!1s0x0000000000000000%3A0x2d7688eff85fd9b0!2sSTUDENTSKI+CENTAR+U+OSIJEKU!5e1!3m2!1sen!2shr!4v1442320133460&quot; width=&quot;100%&quot; height=&quot;450&quot; frameborder=&quot;0&quot; style=&quot;border:0&quot; allowfullscreen&gt;&lt;\/iframe&gt;[\/et_pb_fullwidth_code][\/et_pb_section]<\/p>\n","protected":false},"excerpt":{"rendered":"<p>[et_pb_section admin_label=&#8221;section&#8221; fullwidth=&#8221;on&#8221; specialty=&#8221;off&#8221;][et_pb_fullwidth_slider admin_label=&#8221;Fullwidth Slider&#8221; show_arrows=&#8221;off&#8221; show_pagination=&#8221;off&#8221; auto=&#8221;on&#8221; auto_ignore_hover=&#8221;off&#8221; parallax=&#8221;off&#8221; parallax_method=&#8221;off&#8221; remove_inner_shadow=&#8221;off&#8221; background_position=&#8221;default&#8221; background_size=&#8221;default&#8221; hide_content_on_mobile=&#8221;off&#8221; hide_cta_on_mobile=&#8221;off&#8221; show_image_video_mobile=&#8221;off&#8221; custom_button=&#8221;off&#8221; button_letter_spacing=&#8221;0&#8243; button_use_icon=&#8221;default&#8221; button_icon_placement=&#8221;right&#8221; button_on_hover=&#8221;on&#8221; button_letter_spacing_hover=&#8221;0&#8243;] [et_pb_slide background_position=&#8221;default&#8221; background_size=&#8221;default&#8221; background_color=&#8221;#ffffff&#8221; alignment=&#8221;center&#8221; background_layout=&#8221;dark&#8221; allow_player_pause=&#8221;off&#8221; header_font_select=&#8221;default&#8221; body_font_select=&#8221;default&#8221; custom_button=&#8221;off&#8221; button_font_select=&#8221;default&#8221; button_use_icon=&#8221;default&#8221; button_icon_placement=&#8221;right&#8221; button_on_hover=&#8221;on&#8221; background_image=&#8221;http:\/\/www.stucos.unios.hr\/wp-content\/uploads\/2015\/04\/treca.jpg&#8221; header_line_height=&#8221;2&#8243;] . . [\/et_pb_slide][et_pb_slide background_position=&#8221;default&#8221; background_size=&#8221;default&#8221; background_color=&#8221;#ffffff&#8221; alignment=&#8221;center&#8221; background_layout=&#8221;dark&#8221; allow_player_pause=&#8221;off&#8221; header_font_select=&#8221;default&#8221; body_font_select=&#8221;default&#8221; custom_button=&#8221;off&#8221; button_font_select=&#8221;default&#8221; button_use_icon=&#8221;default&#8221; button_icon_placement=&#8221;right&#8221; [&hellip;]<\/p>\n","protected":false},"author":1,"featured_media":0,"parent":0,"menu_order":0,"comment_status":"closed","ping_status":"closed","template":"","meta":[],"_links":{"self":[{"href":"https:\/\/www.stucos.unios.hr\/index.php?rest_route=\/wp\/v2\/pages\/37"}],"collection":[{"href":"https:\/\/www.stucos.unios.hr\/index.php?rest_route=\/wp\/v2\/pages"}],"about":[{"href":"https:\/\/www.stucos.unios.hr\/index.php?rest_route=\/wp\/v2\/types\/page"}],"author":[{"embeddable":true,"href":"https:\/\/www.stucos.unios.hr\/index.php?rest_route=\/wp\/v2\/users\/1"}],"replies":[{"embeddable":true,"href":"https:\/\/www.stucos.unios.hr\/index.php?rest_route=%2Fwp%2Fv2%2Fcomments&post=37"}],"version-history":[{"count":61,"href":"https:\/\/www.stucos.unios.hr\/index.php?rest_route=\/wp\/v2\/pages\/37\/revisions"}],"predecessor-version":[{"id":5086,"href":"https:\/\/www.stucos.unios.hr\/index.php?rest_route=\/wp\/v2\/pages\/37\/revisions\/5086"}],"wp:attachment":[{"href":"https:\/\/www.stucos.unios.hr\/index.php?rest_route=%2Fwp%2Fv2%2Fmedia&parent=37"}],"curies":[{"name":"wp","href":"https:\/\/api.w.org\/{rel}","templated":true}]}}