{"id":186,"date":"2015-06-16T12:12:20","date_gmt":"2015-06-16T10:12:20","guid":{"rendered":"http:\/\/beta.stucos.hr\/?page_id=186"},"modified":"2024-12-18T13:25:42","modified_gmt":"2024-12-18T11:25:42","slug":"kontakt-2","status":"publish","type":"page","link":"https:\/\/www.stucos.unios.hr\/?page_id=186","title":{"rendered":"Kontakti"},"content":{"rendered":"<div><a href=\"http:\/\/www.stucos.unios.hr\/wp-content\/uploads\/2024\/09\/Bez-naslova.png\"><img loading=\"lazy\" class=\"wp-image-4762 alignleft\" src=\"http:\/\/www.stucos.unios.hr\/wp-content\/uploads\/2024\/09\/Bez-naslova.png\" alt=\"\" width=\"208\" height=\"229\" \/><\/a><\/div>\n<div><strong>STUDENTSKI SERVIS<br \/><\/strong><\/div>\n<div><span style=\"color: #ff0000;\">Radno vrijeme: ponedjeljak &#8211; petak <strong>od<\/strong> <strong>07,00 do 15,00<\/strong> <strong>sati<\/strong><\/span><\/div>\n<div><span style=\"color: #ff0000;\">Radno vrijeme sa strankama: ponedjeljak &#8211; petak <strong>od 07,00 do 14,00 sati<\/strong><\/span><\/div>\n<div>\u00a0<\/div>\n<div>Istarska 1b, 31000 Osijek<\/div>\n<div>Telefon: 031-220-611<\/div>\n<div>Centrala: 031-220-600<br \/>Fax: 031-207-126<a href=\"mailto:servis@stucos.hr\"><br \/><\/a>Facebook: <a href=\"https:\/\/www.facebook.com\/pages\/Studentski-servis-Osijek-Studentski-centar-u-Osijeku\/138315679674425\">https:\/\/www.facebook.com\/pages\/Studentski-servis-Osijek-Studentski-centar-u-Osijeku\/138315679674425<\/a><\/div>\n<div>\u00a0<\/div>\n<div>Rukovoditeljica: Sara \u010casar, univ. mag. oec. 031-220-600<\/div>\n<div>\u00a0<\/div>\n<div>Referenti:<\/div>\n<div>Barbari\u0107 Marinela, 031-220-611 <a href=\"mailto:mjakovac@stucos.hr\">mbarbaric@stucos.hr<\/a><\/div>\n<div>\u010condi\u0107 Mirjana, 031-220-611 <a href=\"mailto:mcondic@stucos.hr\">mcondic@stucos.hr<\/a><\/div>\n<div>Duman\u010di\u0107 Melita, 031-220-611 <a href=\"mailto:mcondic@stucos.hr\">mdumancic@stucos.hr<\/a><\/div>\n<div>Jakovac Mirta, 031-220-611 <a href=\"mailto:mjakovac@stucos.hr\">mjakovac@stucos.hr<\/a><\/div>\n<div>Salapi\u0107 Domagoj, 031-220-611 <a href=\"mailto:dsalapic@stucos.hr\">dsalapic@stucos.hr<\/a><\/div>\n\n\n<p><\/p>\n","protected":false},"excerpt":{"rendered":"<p>STUDENTSKI SERVIS Radno vrijeme: ponedjeljak &#8211; petak od 07,00 do 15,00 sati Radno vrijeme sa strankama: ponedjeljak &#8211; petak od 07,00 do 14,00 sati \u00a0 Istarska 1b, 31000 Osijek Telefon: 031-220-611 Centrala: 031-220-600Fax: 031-207-126Facebook: https:\/\/www.facebook.com\/pages\/Studentski-servis-Osijek-Studentski-centar-u-Osijeku\/138315679674425 \u00a0 Rukovoditeljica: Sara \u010casar, univ. mag. oec. 031-220-600 \u00a0 Referenti: Barbari\u0107 Marinela, 031-220-611 mbarbaric@stucos.hr \u010condi\u0107 Mirjana, 031-220-611 mcondic@stucos.hr Duman\u010di\u0107 Melita, [&hellip;]<\/p>\n","protected":false},"author":1,"featured_media":0,"parent":0,"menu_order":0,"comment_status":"closed","ping_status":"closed","template":"","meta":[],"_links":{"self":[{"href":"https:\/\/www.stucos.unios.hr\/index.php?rest_route=\/wp\/v2\/pages\/186"}],"collection":[{"href":"https:\/\/www.stucos.unios.hr\/index.php?rest_route=\/wp\/v2\/pages"}],"about":[{"href":"https:\/\/www.stucos.unios.hr\/index.php?rest_route=\/wp\/v2\/types\/page"}],"author":[{"embeddable":true,"href":"https:\/\/www.stucos.unios.hr\/index.php?rest_route=\/wp\/v2\/users\/1"}],"replies":[{"embeddable":true,"href":"https:\/\/www.stucos.unios.hr\/index.php?rest_route=%2Fwp%2Fv2%2Fcomments&post=186"}],"version-history":[{"count":45,"href":"https:\/\/www.stucos.unios.hr\/index.php?rest_route=\/wp\/v2\/pages\/186\/revisions"}],"predecessor-version":[{"id":5011,"href":"https:\/\/www.stucos.unios.hr\/index.php?rest_route=\/wp\/v2\/pages\/186\/revisions\/5011"}],"wp:attachment":[{"href":"https:\/\/www.stucos.unios.hr\/index.php?rest_route=%2Fwp%2Fv2%2Fmedia&parent=186"}],"curies":[{"name":"wp","href":"https:\/\/api.w.org\/{rel}","templated":true}]}}