{"id":671,"date":"2015-10-15T10:06:56","date_gmt":"2015-10-15T10:06:56","guid":{"rendered":"http:\/\/beta.stucos.hr\/?page_id=671"},"modified":"2025-04-23T11:25:07","modified_gmt":"2025-04-23T09:25:07","slug":"domovi","status":"publish","type":"page","link":"http:\/\/www.stucos.unios.hr\/?page_id=671","title":{"rendered":"Studentski dom Vladimir Prelog"},"content":{"rendered":"<div class=\"et_pb_slider et_pb_slider_fullwidth_off et_pb_gallery_post_type\">\r\n\t\t\t\t<div class=\"et_pb_slides\">\r\n\t\t\t\t\t<div class=\"et_pb_slide\" style=\"background: url(http:\/\/www.stucos.unios.hr\/wp-content\/uploads\/2015\/04\/IMG_20151015_131138.jpg);\"><\/div><div class=\"et_pb_slide\" style=\"background: url(http:\/\/www.stucos.unios.hr\/wp-content\/uploads\/2015\/04\/IMG_20151015_131039.jpg);\"><\/div><div class=\"et_pb_slide\" style=\"background: url(http:\/\/www.stucos.unios.hr\/wp-content\/uploads\/2015\/04\/IMG_20151015_130303.jpg);\"><\/div><div class=\"et_pb_slide\" style=\"background: url(http:\/\/www.stucos.unios.hr\/wp-content\/uploads\/2015\/04\/IMG_20151015_130122.jpg);\"><\/div><div class=\"et_pb_slide\" style=\"background: url(http:\/\/www.stucos.unios.hr\/wp-content\/uploads\/2015\/04\/IMG_20151015_125845.jpg);\"><\/div><div class=\"et_pb_slide\" style=\"background: url(http:\/\/www.stucos.unios.hr\/wp-content\/uploads\/2015\/04\/IMG_20151015_125734.jpg);\"><\/div><div class=\"et_pb_slide\" style=\"background: url(http:\/\/www.stucos.unios.hr\/wp-content\/uploads\/2015\/04\/IMG_20151015_125543.jpg);\"><\/div><div class=\"et_pb_slide\" style=\"background: url(http:\/\/www.stucos.unios.hr\/wp-content\/uploads\/2015\/04\/IMG_20151015_125517.jpg);\"><\/div><div class=\"et_pb_slide\" style=\"background: url(http:\/\/www.stucos.unios.hr\/wp-content\/uploads\/2015\/04\/IMG_20151015_125401.jpg);\"><\/div><div class=\"et_pb_slide\" style=\"background: url(http:\/\/www.stucos.unios.hr\/wp-content\/uploads\/2015\/04\/IMG_20151015_122909.jpg);\"><\/div><div class=\"et_pb_slide\" style=\"background: url(http:\/\/www.stucos.unios.hr\/wp-content\/uploads\/2015\/04\/IMG_9113-1024x6831.jpg);\"><\/div>\r\n\t\t\t\t<\/div>\r\n\t\t\t<\/div>\n\n\n<p class=\"has-large-font-size\"><strong>Studentski dom Lavoslav Ru\u017ei\u010dka<\/strong><\/p>\n\n\n\n<p><\/p>\n\n\n\n<figure class=\"wp-block-gallery columns-4 is-cropped\"><ul class=\"blocks-gallery-grid\"><li class=\"blocks-gallery-item\"><figure><a href=\"https:\/\/www.stucos.unios.hr\/wp-content\/uploads\/2025\/04\/PAVILJON-1-1024x767.jpg\"><img loading=\"lazy\" width=\"1024\" height=\"767\" src=\"https:\/\/www.stucos.unios.hr\/wp-content\/uploads\/2025\/04\/PAVILJON-1-1024x767.jpg\" alt=\"\" data-id=\"5137\" data-link=\"https:\/\/www.stucos.unios.hr\/?attachment_id=5137\" class=\"wp-image-5137\" srcset=\"http:\/\/www.stucos.unios.hr\/wp-content\/uploads\/2025\/04\/PAVILJON-1-1024x767.jpg 1024w, http:\/\/www.stucos.unios.hr\/wp-content\/uploads\/2025\/04\/PAVILJON-1-300x225.jpg 300w, http:\/\/www.stucos.unios.hr\/wp-content\/uploads\/2025\/04\/PAVILJON-1-768x576.jpg 768w, http:\/\/www.stucos.unios.hr\/wp-content\/uploads\/2025\/04\/PAVILJON-1-1536x1151.jpg 1536w, http:\/\/www.stucos.unios.hr\/wp-content\/uploads\/2025\/04\/PAVILJON-1-2048x1535.jpg 2048w, http:\/\/www.stucos.unios.hr\/wp-content\/uploads\/2025\/04\/PAVILJON-1-1080x809.jpg 1080w\" sizes=\"(max-width: 1024px) 100vw, 1024px\" \/><\/a><\/figure><\/li><li class=\"blocks-gallery-item\"><figure><a href=\"https:\/\/www.stucos.unios.hr\/wp-content\/uploads\/2025\/04\/1-768x1024.jpg\"><img loading=\"lazy\" width=\"768\" height=\"1024\" src=\"https:\/\/www.stucos.unios.hr\/wp-content\/uploads\/2025\/04\/1-768x1024.jpg\" alt=\"\" data-id=\"5130\" data-link=\"https:\/\/www.stucos.unios.hr\/?attachment_id=5130\" class=\"wp-image-5130\" srcset=\"http:\/\/www.stucos.unios.hr\/wp-content\/uploads\/2025\/04\/1-768x1024.jpg 768w, http:\/\/www.stucos.unios.hr\/wp-content\/uploads\/2025\/04\/1-225x300.jpg 225w, http:\/\/www.stucos.unios.hr\/wp-content\/uploads\/2025\/04\/1-1152x1536.jpg 1152w, http:\/\/www.stucos.unios.hr\/wp-content\/uploads\/2025\/04\/1-1536x2048.jpg 1536w, http:\/\/www.stucos.unios.hr\/wp-content\/uploads\/2025\/04\/1-1080x1440.jpg 1080w, http:\/\/www.stucos.unios.hr\/wp-content\/uploads\/2025\/04\/1-scaled.jpg 1920w\" sizes=\"(max-width: 768px) 100vw, 768px\" \/><\/a><\/figure><\/li><li class=\"blocks-gallery-item\"><figure><a href=\"https:\/\/www.stucos.unios.hr\/wp-content\/uploads\/2025\/04\/7-768x1024.jpg\"><img loading=\"lazy\" width=\"768\" height=\"1024\" src=\"https:\/\/www.stucos.unios.hr\/wp-content\/uploads\/2025\/04\/7-768x1024.jpg\" alt=\"\" data-id=\"5131\" data-link=\"https:\/\/www.stucos.unios.hr\/?attachment_id=5131\" class=\"wp-image-5131\" srcset=\"http:\/\/www.stucos.unios.hr\/wp-content\/uploads\/2025\/04\/7-768x1024.jpg 768w, http:\/\/www.stucos.unios.hr\/wp-content\/uploads\/2025\/04\/7-225x300.jpg 225w, http:\/\/www.stucos.unios.hr\/wp-content\/uploads\/2025\/04\/7-1152x1536.jpg 1152w, http:\/\/www.stucos.unios.hr\/wp-content\/uploads\/2025\/04\/7-1536x2048.jpg 1536w, http:\/\/www.stucos.unios.hr\/wp-content\/uploads\/2025\/04\/7-1080x1440.jpg 1080w, http:\/\/www.stucos.unios.hr\/wp-content\/uploads\/2025\/04\/7-scaled.jpg 1920w\" sizes=\"(max-width: 768px) 100vw, 768px\" \/><\/a><\/figure><\/li><li class=\"blocks-gallery-item\"><figure><a href=\"https:\/\/www.stucos.unios.hr\/wp-content\/uploads\/2025\/04\/5-1-1024x768.jpg\"><img loading=\"lazy\" width=\"1024\" height=\"768\" src=\"https:\/\/www.stucos.unios.hr\/wp-content\/uploads\/2025\/04\/5-1-1024x768.jpg\" alt=\"\" data-id=\"5139\" data-link=\"https:\/\/www.stucos.unios.hr\/?attachment_id=5139\" class=\"wp-image-5139\" srcset=\"http:\/\/www.stucos.unios.hr\/wp-content\/uploads\/2025\/04\/5-1-1024x768.jpg 1024w, http:\/\/www.stucos.unios.hr\/wp-content\/uploads\/2025\/04\/5-1-300x225.jpg 300w, http:\/\/www.stucos.unios.hr\/wp-content\/uploads\/2025\/04\/5-1-768x576.jpg 768w, http:\/\/www.stucos.unios.hr\/wp-content\/uploads\/2025\/04\/5-1-1536x1152.jpg 1536w, http:\/\/www.stucos.unios.hr\/wp-content\/uploads\/2025\/04\/5-1-2048x1536.jpg 2048w, http:\/\/www.stucos.unios.hr\/wp-content\/uploads\/2025\/04\/5-1-1080x810.jpg 1080w\" sizes=\"(max-width: 1024px) 100vw, 1024px\" \/><\/a><\/figure><\/li><li class=\"blocks-gallery-item\"><figure><a href=\"https:\/\/www.stucos.unios.hr\/wp-content\/uploads\/2025\/04\/14-1024x768.jpg\"><img loading=\"lazy\" width=\"1024\" height=\"768\" src=\"https:\/\/www.stucos.unios.hr\/wp-content\/uploads\/2025\/04\/14-1024x768.jpg\" alt=\"\" data-id=\"5132\" data-link=\"https:\/\/www.stucos.unios.hr\/?attachment_id=5132\" class=\"wp-image-5132\" srcset=\"http:\/\/www.stucos.unios.hr\/wp-content\/uploads\/2025\/04\/14-1024x768.jpg 1024w, http:\/\/www.stucos.unios.hr\/wp-content\/uploads\/2025\/04\/14-300x225.jpg 300w, http:\/\/www.stucos.unios.hr\/wp-content\/uploads\/2025\/04\/14-768x576.jpg 768w, http:\/\/www.stucos.unios.hr\/wp-content\/uploads\/2025\/04\/14-1536x1152.jpg 1536w, http:\/\/www.stucos.unios.hr\/wp-content\/uploads\/2025\/04\/14-2048x1536.jpg 2048w, http:\/\/www.stucos.unios.hr\/wp-content\/uploads\/2025\/04\/14-1080x810.jpg 1080w\" sizes=\"(max-width: 1024px) 100vw, 1024px\" \/><\/a><\/figure><\/li><li class=\"blocks-gallery-item\"><figure><a href=\"https:\/\/www.stucos.unios.hr\/wp-content\/uploads\/2025\/04\/13-768x1024.jpg\"><img loading=\"lazy\" width=\"768\" height=\"1024\" src=\"https:\/\/www.stucos.unios.hr\/wp-content\/uploads\/2025\/04\/13-768x1024.jpg\" alt=\"\" data-id=\"5133\" data-link=\"https:\/\/www.stucos.unios.hr\/?attachment_id=5133\" class=\"wp-image-5133\" srcset=\"http:\/\/www.stucos.unios.hr\/wp-content\/uploads\/2025\/04\/13-768x1024.jpg 768w, http:\/\/www.stucos.unios.hr\/wp-content\/uploads\/2025\/04\/13-225x300.jpg 225w, http:\/\/www.stucos.unios.hr\/wp-content\/uploads\/2025\/04\/13-1152x1536.jpg 1152w, http:\/\/www.stucos.unios.hr\/wp-content\/uploads\/2025\/04\/13-1536x2048.jpg 1536w, http:\/\/www.stucos.unios.hr\/wp-content\/uploads\/2025\/04\/13-1080x1440.jpg 1080w, http:\/\/www.stucos.unios.hr\/wp-content\/uploads\/2025\/04\/13-scaled.jpg 1920w\" sizes=\"(max-width: 768px) 100vw, 768px\" \/><\/a><\/figure><\/li><li class=\"blocks-gallery-item\"><figure><a href=\"https:\/\/www.stucos.unios.hr\/wp-content\/uploads\/2025\/04\/trokrevetna-scaled.jpg\"><img loading=\"lazy\" width=\"1024\" height=\"768\" src=\"https:\/\/www.stucos.unios.hr\/wp-content\/uploads\/2025\/04\/trokrevetna-1024x768.jpg\" alt=\"\" data-id=\"5189\" data-full-url=\"https:\/\/www.stucos.unios.hr\/wp-content\/uploads\/2025\/04\/trokrevetna-scaled.jpg\" data-link=\"https:\/\/www.stucos.unios.hr\/?attachment_id=5189\" class=\"wp-image-5189\" srcset=\"http:\/\/www.stucos.unios.hr\/wp-content\/uploads\/2025\/04\/trokrevetna-1024x768.jpg 1024w, http:\/\/www.stucos.unios.hr\/wp-content\/uploads\/2025\/04\/trokrevetna-300x225.jpg 300w, http:\/\/www.stucos.unios.hr\/wp-content\/uploads\/2025\/04\/trokrevetna-768x576.jpg 768w, http:\/\/www.stucos.unios.hr\/wp-content\/uploads\/2025\/04\/trokrevetna-1536x1152.jpg 1536w, http:\/\/www.stucos.unios.hr\/wp-content\/uploads\/2025\/04\/trokrevetna-2048x1536.jpg 2048w, http:\/\/www.stucos.unios.hr\/wp-content\/uploads\/2025\/04\/trokrevetna-1080x810.jpg 1080w\" sizes=\"(max-width: 1024px) 100vw, 1024px\" \/><\/a><\/figure><\/li><li class=\"blocks-gallery-item\"><figure><a href=\"https:\/\/www.stucos.unios.hr\/wp-content\/uploads\/2025\/04\/dvokrevetna-scaled.jpg\"><img loading=\"lazy\" width=\"1024\" height=\"768\" src=\"https:\/\/www.stucos.unios.hr\/wp-content\/uploads\/2025\/04\/dvokrevetna-1024x768.jpg\" alt=\"\" data-id=\"5190\" data-full-url=\"https:\/\/www.stucos.unios.hr\/wp-content\/uploads\/2025\/04\/dvokrevetna-scaled.jpg\" data-link=\"https:\/\/www.stucos.unios.hr\/?attachment_id=5190\" class=\"wp-image-5190\" srcset=\"http:\/\/www.stucos.unios.hr\/wp-content\/uploads\/2025\/04\/dvokrevetna-1024x768.jpg 1024w, http:\/\/www.stucos.unios.hr\/wp-content\/uploads\/2025\/04\/dvokrevetna-300x225.jpg 300w, http:\/\/www.stucos.unios.hr\/wp-content\/uploads\/2025\/04\/dvokrevetna-768x576.jpg 768w, http:\/\/www.stucos.unios.hr\/wp-content\/uploads\/2025\/04\/dvokrevetna-1536x1152.jpg 1536w, http:\/\/www.stucos.unios.hr\/wp-content\/uploads\/2025\/04\/dvokrevetna-2048x1536.jpg 2048w, http:\/\/www.stucos.unios.hr\/wp-content\/uploads\/2025\/04\/dvokrevetna-1080x810.jpg 1080w\" sizes=\"(max-width: 1024px) 100vw, 1024px\" \/><\/a><\/figure><\/li><li class=\"blocks-gallery-item\"><figure><a href=\"https:\/\/www.stucos.unios.hr\/wp-content\/uploads\/2025\/04\/manja-kvaliteta-1024x768.jpg\"><img loading=\"lazy\" width=\"1024\" height=\"768\" src=\"https:\/\/www.stucos.unios.hr\/wp-content\/uploads\/2025\/04\/manja-kvaliteta-1024x768.jpg\" alt=\"\" data-id=\"5144\" data-link=\"https:\/\/www.stucos.unios.hr\/?attachment_id=5144\" class=\"wp-image-5144\" srcset=\"http:\/\/www.stucos.unios.hr\/wp-content\/uploads\/2025\/04\/manja-kvaliteta-1024x768.jpg 1024w, http:\/\/www.stucos.unios.hr\/wp-content\/uploads\/2025\/04\/manja-kvaliteta-300x225.jpg 300w, http:\/\/www.stucos.unios.hr\/wp-content\/uploads\/2025\/04\/manja-kvaliteta-768x576.jpg 768w, http:\/\/www.stucos.unios.hr\/wp-content\/uploads\/2025\/04\/manja-kvaliteta-1536x1152.jpg 1536w, http:\/\/www.stucos.unios.hr\/wp-content\/uploads\/2025\/04\/manja-kvaliteta-2048x1536.jpg 2048w, http:\/\/www.stucos.unios.hr\/wp-content\/uploads\/2025\/04\/manja-kvaliteta-1080x810.jpg 1080w\" sizes=\"(max-width: 1024px) 100vw, 1024px\" \/><\/a><\/figure><\/li><li class=\"blocks-gallery-item\"><figure><a href=\"https:\/\/www.stucos.unios.hr\/wp-content\/uploads\/2025\/04\/1-3-1024x768.jpg\"><img loading=\"lazy\" width=\"1024\" height=\"768\" src=\"https:\/\/www.stucos.unios.hr\/wp-content\/uploads\/2025\/04\/1-3-1024x768.jpg\" alt=\"\" data-id=\"5141\" data-link=\"https:\/\/www.stucos.unios.hr\/?attachment_id=5141\" class=\"wp-image-5141\" srcset=\"http:\/\/www.stucos.unios.hr\/wp-content\/uploads\/2025\/04\/1-3-1024x768.jpg 1024w, http:\/\/www.stucos.unios.hr\/wp-content\/uploads\/2025\/04\/1-3-300x225.jpg 300w, http:\/\/www.stucos.unios.hr\/wp-content\/uploads\/2025\/04\/1-3-768x576.jpg 768w, http:\/\/www.stucos.unios.hr\/wp-content\/uploads\/2025\/04\/1-3-1536x1152.jpg 1536w, http:\/\/www.stucos.unios.hr\/wp-content\/uploads\/2025\/04\/1-3-2048x1536.jpg 2048w, http:\/\/www.stucos.unios.hr\/wp-content\/uploads\/2025\/04\/1-3-1080x810.jpg 1080w\" sizes=\"(max-width: 1024px) 100vw, 1024px\" \/><\/a><\/figure><\/li><li class=\"blocks-gallery-item\"><figure><a href=\"https:\/\/www.stucos.unios.hr\/wp-content\/uploads\/2025\/04\/7-1-1024x768.jpg\"><img loading=\"lazy\" width=\"1024\" height=\"768\" src=\"https:\/\/www.stucos.unios.hr\/wp-content\/uploads\/2025\/04\/7-1-1024x768.jpg\" alt=\"\" data-id=\"5164\" data-link=\"https:\/\/www.stucos.unios.hr\/?attachment_id=5164\" class=\"wp-image-5164\" srcset=\"http:\/\/www.stucos.unios.hr\/wp-content\/uploads\/2025\/04\/7-1-1024x768.jpg 1024w, http:\/\/www.stucos.unios.hr\/wp-content\/uploads\/2025\/04\/7-1-300x225.jpg 300w, http:\/\/www.stucos.unios.hr\/wp-content\/uploads\/2025\/04\/7-1-768x576.jpg 768w, http:\/\/www.stucos.unios.hr\/wp-content\/uploads\/2025\/04\/7-1-1536x1152.jpg 1536w, http:\/\/www.stucos.unios.hr\/wp-content\/uploads\/2025\/04\/7-1-2048x1536.jpg 2048w, http:\/\/www.stucos.unios.hr\/wp-content\/uploads\/2025\/04\/7-1-1080x810.jpg 1080w\" sizes=\"(max-width: 1024px) 100vw, 1024px\" \/><\/a><\/figure><\/li><li class=\"blocks-gallery-item\"><figure><a href=\"https:\/\/www.stucos.unios.hr\/wp-content\/uploads\/2025\/04\/4-1024x768.jpg\"><img loading=\"lazy\" width=\"1024\" height=\"768\" src=\"https:\/\/www.stucos.unios.hr\/wp-content\/uploads\/2025\/04\/4-1024x768.jpg\" alt=\"\" data-id=\"5142\" data-link=\"https:\/\/www.stucos.unios.hr\/?attachment_id=5142\" class=\"wp-image-5142\" srcset=\"http:\/\/www.stucos.unios.hr\/wp-content\/uploads\/2025\/04\/4-1024x768.jpg 1024w, http:\/\/www.stucos.unios.hr\/wp-content\/uploads\/2025\/04\/4-300x225.jpg 300w, http:\/\/www.stucos.unios.hr\/wp-content\/uploads\/2025\/04\/4-768x576.jpg 768w, http:\/\/www.stucos.unios.hr\/wp-content\/uploads\/2025\/04\/4-1536x1152.jpg 1536w, http:\/\/www.stucos.unios.hr\/wp-content\/uploads\/2025\/04\/4-2048x1536.jpg 2048w, http:\/\/www.stucos.unios.hr\/wp-content\/uploads\/2025\/04\/4-1080x810.jpg 1080w\" sizes=\"(max-width: 1024px) 100vw, 1024px\" \/><\/a><\/figure><\/li><li class=\"blocks-gallery-item\"><figure><a href=\"https:\/\/www.stucos.unios.hr\/wp-content\/uploads\/2025\/04\/fitness-malo-1024x768.jpg\"><img loading=\"lazy\" width=\"1024\" height=\"768\" src=\"https:\/\/www.stucos.unios.hr\/wp-content\/uploads\/2025\/04\/fitness-malo-1024x768.jpg\" alt=\"\" data-id=\"5147\" data-link=\"https:\/\/www.stucos.unios.hr\/?attachment_id=5147\" class=\"wp-image-5147\" srcset=\"http:\/\/www.stucos.unios.hr\/wp-content\/uploads\/2025\/04\/fitness-malo-1024x768.jpg 1024w, http:\/\/www.stucos.unios.hr\/wp-content\/uploads\/2025\/04\/fitness-malo-300x225.jpg 300w, http:\/\/www.stucos.unios.hr\/wp-content\/uploads\/2025\/04\/fitness-malo-768x576.jpg 768w, http:\/\/www.stucos.unios.hr\/wp-content\/uploads\/2025\/04\/fitness-malo-1536x1152.jpg 1536w, http:\/\/www.stucos.unios.hr\/wp-content\/uploads\/2025\/04\/fitness-malo-2048x1536.jpg 2048w, http:\/\/www.stucos.unios.hr\/wp-content\/uploads\/2025\/04\/fitness-malo-1080x810.jpg 1080w\" sizes=\"(max-width: 1024px) 100vw, 1024px\" \/><\/a><\/figure><\/li><\/ul><figcaption class=\"blocks-gallery-caption\">Studentski dom Lavoslav Ru\u017ei\u010dka<\/figcaption><\/figure>\n\n\n\n<p><\/p>\n\n\n\n<p class=\"has-large-font-size\"><strong>Studentski dom dr. Andrija \u0160tampar<\/strong><\/p>\n\n\n\n<p><\/p>\n\n\n\n<figure class=\"wp-block-gallery columns-4 is-cropped\"><ul class=\"blocks-gallery-grid\"><li class=\"blocks-gallery-item\"><figure><a href=\"https:\/\/www.stucos.unios.hr\/wp-content\/uploads\/2025\/04\/igk-1024x576.jpg\"><img loading=\"lazy\" width=\"1024\" height=\"576\" src=\"https:\/\/www.stucos.unios.hr\/wp-content\/uploads\/2025\/04\/igk-1024x576.jpg\" alt=\"\" data-id=\"5161\" data-link=\"https:\/\/www.stucos.unios.hr\/?attachment_id=5161\" class=\"wp-image-5161\" srcset=\"http:\/\/www.stucos.unios.hr\/wp-content\/uploads\/2025\/04\/igk-1024x576.jpg 1024w, http:\/\/www.stucos.unios.hr\/wp-content\/uploads\/2025\/04\/igk-300x169.jpg 300w, http:\/\/www.stucos.unios.hr\/wp-content\/uploads\/2025\/04\/igk-768x432.jpg 768w, http:\/\/www.stucos.unios.hr\/wp-content\/uploads\/2025\/04\/igk-1080x608.jpg 1080w, http:\/\/www.stucos.unios.hr\/wp-content\/uploads\/2025\/04\/igk.jpg 1280w\" sizes=\"(max-width: 1024px) 100vw, 1024px\" \/><\/a><\/figure><\/li><li class=\"blocks-gallery-item\"><figure><a href=\"https:\/\/www.stucos.unios.hr\/wp-content\/uploads\/2025\/04\/1000061600.jpg\"><img loading=\"lazy\" width=\"1024\" height=\"768\" src=\"https:\/\/www.stucos.unios.hr\/wp-content\/uploads\/2025\/04\/1000061600-1024x768.jpg\" alt=\"\" data-id=\"5170\" data-full-url=\"https:\/\/www.stucos.unios.hr\/wp-content\/uploads\/2025\/04\/1000061600.jpg\" data-link=\"https:\/\/www.stucos.unios.hr\/?attachment_id=5170\" class=\"wp-image-5170\" srcset=\"http:\/\/www.stucos.unios.hr\/wp-content\/uploads\/2025\/04\/1000061600-1024x768.jpg 1024w, http:\/\/www.stucos.unios.hr\/wp-content\/uploads\/2025\/04\/1000061600-300x225.jpg 300w, http:\/\/www.stucos.unios.hr\/wp-content\/uploads\/2025\/04\/1000061600-768x576.jpg 768w, http:\/\/www.stucos.unios.hr\/wp-content\/uploads\/2025\/04\/1000061600-1536x1152.jpg 1536w, http:\/\/www.stucos.unios.hr\/wp-content\/uploads\/2025\/04\/1000061600-1080x810.jpg 1080w, http:\/\/www.stucos.unios.hr\/wp-content\/uploads\/2025\/04\/1000061600.jpg 1600w\" sizes=\"(max-width: 1024px) 100vw, 1024px\" \/><\/a><\/figure><\/li><li class=\"blocks-gallery-item\"><figure><a href=\"https:\/\/www.stucos.unios.hr\/wp-content\/uploads\/2025\/04\/Vatro5-768x1024.jpg\"><img loading=\"lazy\" width=\"768\" height=\"1024\" src=\"https:\/\/www.stucos.unios.hr\/wp-content\/uploads\/2025\/04\/Vatro5-768x1024.jpg\" alt=\"\" data-id=\"5152\" data-link=\"https:\/\/www.stucos.unios.hr\/?attachment_id=5152\" class=\"wp-image-5152\" srcset=\"http:\/\/www.stucos.unios.hr\/wp-content\/uploads\/2025\/04\/Vatro5-768x1024.jpg 768w, http:\/\/www.stucos.unios.hr\/wp-content\/uploads\/2025\/04\/Vatro5-225x300.jpg 225w, http:\/\/www.stucos.unios.hr\/wp-content\/uploads\/2025\/04\/Vatro5-1152x1536.jpg 1152w, http:\/\/www.stucos.unios.hr\/wp-content\/uploads\/2025\/04\/Vatro5-1080x1440.jpg 1080w, http:\/\/www.stucos.unios.hr\/wp-content\/uploads\/2025\/04\/Vatro5.jpg 1200w\" sizes=\"(max-width: 768px) 100vw, 768px\" \/><\/a><\/figure><\/li><li class=\"blocks-gallery-item\"><figure><a href=\"https:\/\/www.stucos.unios.hr\/wp-content\/uploads\/2025\/04\/vatro2-768x1024.jpg\"><img loading=\"lazy\" width=\"768\" height=\"1024\" src=\"https:\/\/www.stucos.unios.hr\/wp-content\/uploads\/2025\/04\/vatro2-768x1024.jpg\" alt=\"\" data-id=\"5155\" data-link=\"https:\/\/www.stucos.unios.hr\/?attachment_id=5155\" class=\"wp-image-5155\" srcset=\"http:\/\/www.stucos.unios.hr\/wp-content\/uploads\/2025\/04\/vatro2-768x1024.jpg 768w, http:\/\/www.stucos.unios.hr\/wp-content\/uploads\/2025\/04\/vatro2-225x300.jpg 225w, http:\/\/www.stucos.unios.hr\/wp-content\/uploads\/2025\/04\/vatro2-1152x1536.jpg 1152w, http:\/\/www.stucos.unios.hr\/wp-content\/uploads\/2025\/04\/vatro2-1080x1440.jpg 1080w, http:\/\/www.stucos.unios.hr\/wp-content\/uploads\/2025\/04\/vatro2.jpg 1200w\" sizes=\"(max-width: 768px) 100vw, 768px\" \/><\/a><\/figure><\/li><li class=\"blocks-gallery-item\"><figure><a href=\"https:\/\/www.stucos.unios.hr\/wp-content\/uploads\/2025\/04\/Vatro4-768x1024.jpg\"><img loading=\"lazy\" width=\"768\" height=\"1024\" src=\"https:\/\/www.stucos.unios.hr\/wp-content\/uploads\/2025\/04\/Vatro4-768x1024.jpg\" alt=\"\" data-id=\"5153\" data-link=\"https:\/\/www.stucos.unios.hr\/?attachment_id=5153\" class=\"wp-image-5153\" srcset=\"http:\/\/www.stucos.unios.hr\/wp-content\/uploads\/2025\/04\/Vatro4-768x1024.jpg 768w, http:\/\/www.stucos.unios.hr\/wp-content\/uploads\/2025\/04\/Vatro4-225x300.jpg 225w, http:\/\/www.stucos.unios.hr\/wp-content\/uploads\/2025\/04\/Vatro4-1152x1536.jpg 1152w, http:\/\/www.stucos.unios.hr\/wp-content\/uploads\/2025\/04\/Vatro4-1080x1440.jpg 1080w, http:\/\/www.stucos.unios.hr\/wp-content\/uploads\/2025\/04\/Vatro4.jpg 1200w\" sizes=\"(max-width: 768px) 100vw, 768px\" \/><\/a><\/figure><\/li><li class=\"blocks-gallery-item\"><figure><a href=\"https:\/\/www.stucos.unios.hr\/wp-content\/uploads\/2025\/04\/vatro1-1024x768.jpg\"><img loading=\"lazy\" width=\"1024\" height=\"768\" src=\"https:\/\/www.stucos.unios.hr\/wp-content\/uploads\/2025\/04\/vatro1-1024x768.jpg\" alt=\"\" data-id=\"5156\" data-link=\"https:\/\/www.stucos.unios.hr\/?attachment_id=5156\" class=\"wp-image-5156\" srcset=\"http:\/\/www.stucos.unios.hr\/wp-content\/uploads\/2025\/04\/vatro1-1024x768.jpg 1024w, http:\/\/www.stucos.unios.hr\/wp-content\/uploads\/2025\/04\/vatro1-300x225.jpg 300w, http:\/\/www.stucos.unios.hr\/wp-content\/uploads\/2025\/04\/vatro1-768x576.jpg 768w, http:\/\/www.stucos.unios.hr\/wp-content\/uploads\/2025\/04\/vatro1-1536x1152.jpg 1536w, http:\/\/www.stucos.unios.hr\/wp-content\/uploads\/2025\/04\/vatro1-1080x810.jpg 1080w, http:\/\/www.stucos.unios.hr\/wp-content\/uploads\/2025\/04\/vatro1.jpg 1600w\" sizes=\"(max-width: 1024px) 100vw, 1024px\" \/><\/a><\/figure><\/li><li class=\"blocks-gallery-item\"><figure><a href=\"https:\/\/www.stucos.unios.hr\/wp-content\/uploads\/2025\/04\/Vatro3-1024x768.jpg\"><img loading=\"lazy\" width=\"1024\" height=\"768\" src=\"https:\/\/www.stucos.unios.hr\/wp-content\/uploads\/2025\/04\/Vatro3-1024x768.jpg\" alt=\"\" data-id=\"5154\" data-link=\"https:\/\/www.stucos.unios.hr\/?attachment_id=5154\" class=\"wp-image-5154\" srcset=\"http:\/\/www.stucos.unios.hr\/wp-content\/uploads\/2025\/04\/Vatro3-1024x768.jpg 1024w, http:\/\/www.stucos.unios.hr\/wp-content\/uploads\/2025\/04\/Vatro3-300x225.jpg 300w, http:\/\/www.stucos.unios.hr\/wp-content\/uploads\/2025\/04\/Vatro3-768x576.jpg 768w, http:\/\/www.stucos.unios.hr\/wp-content\/uploads\/2025\/04\/Vatro3-1536x1152.jpg 1536w, http:\/\/www.stucos.unios.hr\/wp-content\/uploads\/2025\/04\/Vatro3-1080x810.jpg 1080w, http:\/\/www.stucos.unios.hr\/wp-content\/uploads\/2025\/04\/Vatro3.jpg 1600w\" sizes=\"(max-width: 1024px) 100vw, 1024px\" \/><\/a><\/figure><\/li><\/ul><\/figure>\n","protected":false},"excerpt":{"rendered":"<p>Studentski dom Lavoslav Ru\u017ei\u010dka Studentski dom dr. Andrija \u0160tampar<\/p>\n","protected":false},"author":6,"featured_media":0,"parent":0,"menu_order":0,"comment_status":"closed","ping_status":"closed","template":"","meta":[],"_links":{"self":[{"href":"http:\/\/www.stucos.unios.hr\/index.php?rest_route=\/wp\/v2\/pages\/671"}],"collection":[{"href":"http:\/\/www.stucos.unios.hr\/index.php?rest_route=\/wp\/v2\/pages"}],"about":[{"href":"http:\/\/www.stucos.unios.hr\/index.php?rest_route=\/wp\/v2\/types\/page"}],"author":[{"embeddable":true,"href":"http:\/\/www.stucos.unios.hr\/index.php?rest_route=\/wp\/v2\/users\/6"}],"replies":[{"embeddable":true,"href":"http:\/\/www.stucos.unios.hr\/index.php?rest_route=%2Fwp%2Fv2%2Fcomments&post=671"}],"version-history":[{"count":18,"href":"http:\/\/www.stucos.unios.hr\/index.php?rest_route=\/wp\/v2\/pages\/671\/revisions"}],"predecessor-version":[{"id":5191,"href":"http:\/\/www.stucos.unios.hr\/index.php?rest_route=\/wp\/v2\/pages\/671\/revisions\/5191"}],"wp:attachment":[{"href":"http:\/\/www.stucos.unios.hr\/index.php?rest_route=%2Fwp%2Fv2%2Fmedia&parent=671"}],"curies":[{"name":"wp","href":"https:\/\/api.w.org\/{rel}","templated":true}]}}