{"id":192,"date":"2015-06-16T12:25:26","date_gmt":"2015-06-16T12:25:26","guid":{"rendered":"http:\/\/beta.stucos.hr\/?page_id=192"},"modified":"2026-04-22T11:56:57","modified_gmt":"2026-04-22T09:56:57","slug":"studenti","status":"publish","type":"page","link":"http:\/\/www.stucos.unios.hr\/?page_id=192","title":{"rendered":"Studenti &#8211; u\u010dlanjenje"},"content":{"rendered":"<p><strong><i style=\"color: #ff0000;\"><span style=\"color: #ff0000;\">NOVO!!!\u00a0 online U\u010cLANJENJE\u00a0 &#8211; pratite poveznicu<\/span>\u00a0 <\/i><span style=\"color: #3366ff;\"><a style=\"color: #3366ff;\" href=\"https:\/\/websc.stucos.hr\/sc\/85\/login\/aai?link=sc\/85\/student\/uclanjenjes\">u\u010dlanjenje STUDENTI<\/a><\/span><\/strong><\/p>\n<p>Ukoliko se \u017eelite osobno u\u010dlaniti, to mo\u017eete u\u010diniti radnim danima do 14,00 sati. Potrebni dokumenti su:<\/p>\n<p><strong>1. STUDENTI <\/strong><span style=\"color: #33cccc;\"><strong>\u00a0\u00a0<\/strong><\/span><span style=\"color: #3366ff;\"><strong>\u00a0<\/strong><\/span><\/p>\n<p><span style=\"color: #3366ff;\"><strong><a style=\"color: #3366ff;\" href=\"http:\/\/www.stucos.unios.hr\/wp-content\/uploads\/2024\/09\/PRIVOLA.doc\">PRIVOLA\u00a0\u00a0<\/a><\/strong><\/span><\/p>\n<ul>\n<li>valjana X-ica<\/li>\n<li>osobna iskaznica na uvid<\/li>\n<li>osobni \u017eiro ili teku\u0107i ra\u010dun (uz predo\u010denje kartice, potvrde, ugovora banke ili uvid u Internet bankarstvo<\/li>\n<\/ul>\n<p><strong>2. STUDENTI &#8211; hrvatski dr\u017eavljani koji studiraju na visoko\u0161kolskim institucijama izvan RH\u00a0<span style=\"color: #ff0000;\">(u\u010dlanjenje isklju\u010divo osobnim dolaskom)<\/span><\/strong><\/p>\n<ul>\n<li>potvrda mati\u010dnog visokog u\u010dili\u0161ta, ovjerena i prevedena na hrvatski jezik, a sukladno poja\u0161njenju iz MZO: <span style=\"color: #333333;\"><em>&#8220;<strong>Dr\u017eavljani RH koji studiraju izvan RH svakako moraju prilo\u017eiti prevedene i od strane sudskog tuma\u010da ovjerene kopije izvornika potvrda koje su preuzeli sa stranog visokog u\u010dili\u0161ta kako bi dokumenti za u\u010dlanjenje bili vjerodostojni.<\/strong>&#8220;<\/em><\/span><\/li>\n<li>osobna iskaznica na uvid<\/li>\n<li>osobni \u017eiro ili teku\u0107i ra\u010dun (uz predo\u010denje kartice, potvrde, ugovora banke ili uvid u Internet bankarstvo)<\/li>\n<li>preslika domovnice<\/li>\n<li>potvrda o prebivali\u0161tu u RH<\/li>\n<\/ul>\n<p><strong>3. STUDENTI &#8211; <\/strong><strong>strani dr\u017eavljani koji studiraju na visoko\u0161kolskim institucijama u RH, studentska razmjena, ERASMUS, ERASMUS+ i dr. <span style=\"color: #ff0000;\">(u\u010dlanjenje isklju\u010divo osobnim dolaskom) <\/span><\/strong>moraju zadovoljiti uvjete potrebne za u\u010dlanjenje kao i studenti, dr\u017eavljani RH koji studiraju u RH. \u010clanstvo im se dodjeljuje sukladno statusu studenta u RH te odobrenom privremenom boravku\u00a0\u00a0<\/p>\n<p><strong>\u010cLANOVI STUDENTSKOG SERVISA<\/strong><\/p>\n<p><strong>STUDENT<\/strong> je osoba koja poha\u0111a preddiplomski sveu\u010dili\u0161ni studij, integrirani preddiplomski i diplomski sveu\u010dili\u0161ni studij, diplomski sveu\u010dili\u0161ni studij, kratki stru\u010dni studij, preddiplomski stru\u010dni studij i specijalisti\u010dki diplomski stru\u010dni studij na visokim u\u010dili\u0161tima u Republici Hrvatskoj i gra\u0111anin je Republike Hrvatske i gra\u0111anin Europske unije s prebivali\u0161tem u Republici Hrvatskoj koji studira na visokom u\u010dili\u0161tu izvan Republike Hrvatske ili student na razmjeni za vrijeme studiranja u Republici Hrvatskoj, a koji nema zasnovan radni odnos i\/ili ne obavlja samostalnu djelatnost obrta, slobodnog zanimanja i\/ili poljoprivrede i \u0161umarstva.<\/p>\n<p><strong>DRUGA OSOBA<\/strong> je osoba u postupku upisa na studij ili osoba koja je zavr\u0161ila studij na visokom u\u010dili\u0161tu u Republici Hrvatskoj, a nema zasnovan radni odnos ili gra\u0111anin Europske unije s prebivali\u0161tem u Republici Hrvatskoj koji je zavr\u0161io studij na visokom u\u010dili\u0161tu izvan Republike Hrvatske, a nema zasnovan radni odnos. Prava na temelju Zakona druga osoba mo\u017ee ostvarivati najdulje tri mjeseca od zavr\u0161etka \u0161kolske godine u kojoj je zavr\u0161ila srednjo\u0161kolsko obrazovanje odnosno najdulje do kraja akademske godine u kojoj je zavr\u0161ila studij ili do isteka razdoblja od tri mjeseca od zavr\u0161etka studija.<\/p>\n<p><strong>4. MATURANTI\u00a0 <\/strong><span style=\"color: #ff0000;\"><strong><em>(<\/em><\/strong><em><strong>u\u010dlanjujemo isklju\u010divo <\/strong><strong>ako imate dogovoren posao i znate sve uvjete rada)<\/strong><\/em><\/span><\/p>\n<p><span style=\"color: #00ccff;\"><strong><a style=\"color: #00ccff;\" href=\"http:\/\/www.stucos.unios.hr\/wp-content\/uploads\/2025\/07\/MATURANTI-WEB-nakon.docx\"><span style=\"color: #3366ff;\">MATURANTI<\/span><\/a><span style=\"color: #3366ff;\">\u00a0\u00a0<a style=\"color: #3366ff;\" href=\"http:\/\/www.stucos.unios.hr\/wp-content\/uploads\/2022\/05\/izjava.docx\">IZJAVA\u00a0 <\/a>\u00a0<a style=\"color: #3366ff;\" href=\"http:\/\/www.stucos.unios.hr\/wp-content\/uploads\/2023\/12\/PRIVOLA.doc\">PRIVOLA<\/a><\/span><\/strong><\/span><\/p>\n<ul>\n<li>preslika maturalne svjedod\u017ebe<em><strong><br \/><\/strong><\/em><\/li>\n<li>isprintana <em><strong>Prijava za upis na fakultet<\/strong><\/em> sa www.postani-student.hr &#8211;\u00a0 <em><strong>&#8220;moji podaci&#8221;\u00a0 <span style=\"color: #ff0000;\">ili<\/span><\/strong><\/em><\/li>\n<li>nakon ljetnog upisnog roka <em><strong>uvjerenje fakulteta da ste upisali akademsku godinu 2026\/2027.\u00a0<\/strong><\/em><\/li>\n<li>osobni \u017eiro ili teku\u0107i ra\u010dun (uz predo\u010denje kartice, potvrde, ugovora banke ili uvid u Internet bankarstvo)<\/li>\n<li>osobna iskaznica na uvid<\/li>\n<\/ul>\n<p>Kod u\u010dlanjena maloljetne osobe roditelj mora potpisati suglasnost (osobno u Student servisu ili ovjerenom Izjavom kod javnog bilje\u017enika da su suglasni da njihovo maloljetno dijete radi posredstvom Studentskog servisa)<\/p>\n<p><strong>Podsje\u0107amo: <\/strong><span style=\"color: #ff0000;\"><strong>UGOVOR SE PODI\u017dE PRIJE PO\u010cETKA POSLA, UNATRAG NIJE MOGU\u0106E<\/strong><\/span><\/p>\n<p><strong>SVE VEZANO ZA ZAKON O OBAVLJANJU STUDENTSKI POSLOVA (NN br.96\/18)<\/strong>:\u00a0 <strong><a href=\"https:\/\/narodne-novine.nn.hr\/clanci\/sluzbeni\/2018_10_96_1851.html\">Zakon<\/a><\/strong><\/p>\n<p><em>Prije u\u010dlanjenja potrebno je provjeriti imate li osnovno zdravstveno osiguranje <\/em><a href=\"http:\/\/www.hzzo.hr\/\"><strong>HZZO.<\/strong><\/a><em> U slu\u010daju da ga nemate, svoj status osiguranja potrebno je\u00a0 rije\u0161iti u podru\u010dnoj ispostavi Hrvatskog zavoda za zdravstveno osiguranje (HZZO).<\/em><\/p>\n<p><em>Sukladno Op\u0107oj uredbi o za\u0161titi podataka (EU GDPR), prilikom u\u010dlanjenja student prihva\u0107a <\/em><em><strong>Privolu za prikupljanje i obradu osobnih podataka<\/strong> i ustupanjem svojih osobnih podataka potvr\u0111uje <\/em><em>da je istu pro\u010ditao i razumio, te dopustio Voditelju obrade da te osobne podatke prikuplja, <\/em><em>obra\u0111uje i koristi u navedene svrhe.<\/em><\/p>\n<p><em>Studentski centar Osijek od 8. studenog 2018. godine svim studentima i drugim osobama, za koje je Zakonom predvi\u0111ena mogu\u0107nost obavljanja studentskih poslova, omogu\u0107uje u\u010dlanjenje u Studentski servis, odnosno omogu\u0107uje sklapanje ugovora o obavljanju studentskog posla,<\/em><em> uz obvezno potpisivanje I<strong>zjave<\/strong> od strane studenata\u00a0<\/em><\/p>\n<p>\u00a0<\/p>\n\n\n<p><\/p>\n","protected":false},"excerpt":{"rendered":"<p>NOVO!!!\u00a0 online U\u010cLANJENJE\u00a0 &#8211; pratite poveznicu\u00a0 u\u010dlanjenje STUDENTI Ukoliko se \u017eelite osobno u\u010dlaniti, to mo\u017eete u\u010diniti radnim danima do 14,00 sati. Potrebni dokumenti su: 1. STUDENTI \u00a0\u00a0\u00a0 PRIVOLA\u00a0\u00a0 valjana X-ica osobna iskaznica na uvid osobni \u017eiro ili teku\u0107i ra\u010dun (uz predo\u010denje kartice, potvrde, ugovora banke ili uvid u Internet bankarstvo 2. STUDENTI &#8211; hrvatski dr\u017eavljani [&hellip;]<\/p>\n","protected":false},"author":1,"featured_media":0,"parent":0,"menu_order":0,"comment_status":"closed","ping_status":"closed","template":"","meta":[],"_links":{"self":[{"href":"http:\/\/www.stucos.unios.hr\/index.php?rest_route=\/wp\/v2\/pages\/192"}],"collection":[{"href":"http:\/\/www.stucos.unios.hr\/index.php?rest_route=\/wp\/v2\/pages"}],"about":[{"href":"http:\/\/www.stucos.unios.hr\/index.php?rest_route=\/wp\/v2\/types\/page"}],"author":[{"embeddable":true,"href":"http:\/\/www.stucos.unios.hr\/index.php?rest_route=\/wp\/v2\/users\/1"}],"replies":[{"embeddable":true,"href":"http:\/\/www.stucos.unios.hr\/index.php?rest_route=%2Fwp%2Fv2%2Fcomments&post=192"}],"version-history":[{"count":166,"href":"http:\/\/www.stucos.unios.hr\/index.php?rest_route=\/wp\/v2\/pages\/192\/revisions"}],"predecessor-version":[{"id":5619,"href":"http:\/\/www.stucos.unios.hr\/index.php?rest_route=\/wp\/v2\/pages\/192\/revisions\/5619"}],"wp:attachment":[{"href":"http:\/\/www.stucos.unios.hr\/index.php?rest_route=%2Fwp%2Fv2%2Fmedia&parent=192"}],"curies":[{"name":"wp","href":"https:\/\/api.w.org\/{rel}","templated":true}]}}