{"id":134,"date":"2015-05-06T14:00:58","date_gmt":"2015-05-06T14:00:58","guid":{"rendered":"http:\/\/beta.stucos.hr\/?page_id=134"},"modified":"2022-10-17T10:01:58","modified_gmt":"2022-10-17T08:01:58","slug":"natjecaj-za-smjestaj","status":"publish","type":"page","link":"http:\/\/www.stucos.unios.hr\/?page_id=134","title":{"rendered":"Natje\u010daj za smje\u0161taj"},"content":{"rendered":"<p style=\"text-align: center;\"><strong>OBAVIJEST<\/strong><\/p>\n<p>Useljenje u Novi paviljon je odgo\u0111eno do daljnjega. Studenti koji su ostvarili pravo na njega biti \u0107e obavije\u0161teni e-mailom o novom datumu useljenja, a do tada \u0107e i dalje primati subvenciju privatnog smje\u0161taja.<\/p>\n<p style=\"text-align: center;\"><strong>OBAVIJEST<\/strong><\/p>\n<p>Useljenje u Novi paviljon Novog studentskog doma K. P. Sva\u010di\u0107a 1c planirano je za sije\u010danj 2021., a do tada \u0107e studenti koji ostvare pravo na smje\u0161taj u Novom paviljonu primati subvenciju za smje\u0161taj kod privatnog stanodavca.<\/p>\n<p style=\"text-align: center;\"><strong>OBAVIJEST<\/strong><\/p>\n<p>Dopunu dokumentaciji (skenirane B obrasce) do 03.08. mo\u017eete poslati na e-mail adresu: <strong>iherceg@stucos.hr, <\/strong>a original dostaviti na adresu: Novi studentski dom, K.P. Sva\u010di\u0107a 1c, 31000 Osijek, s naznakom: <em>&#8220;dopuna prijavi br. XX na natje\u010daj za smje\u0161taj&#8221;.<\/em><\/p>\n<p style=\"text-align: center;\"><strong>OBAVIJEST<\/strong><\/p>\n<p>Po\u0161tovani studenti,<\/p>\n<p>zbog velikog broja upita obavje\u0161tavamo Vas da dokumentacija za natje\u010daj ne treba sti\u0107i do 24.07. na adresu Novog studentskog doma, nego <strong>treba biti poslana preporu\u010denom po\u0161tom zaklju\u010dno s 24.07.<\/strong><\/p>\n<p style=\"text-align: center;\"><strong>OBAVIJEST<br \/>\n<\/strong><\/p>\n<p>Zbog pogor\u0161anja epidemiolo\u0161ke situacije obavje\u0161tavamo studente da:<\/p>\n<p>1. Nije nu\u017eno slati original <strong>obrasca B<\/strong>; mo\u017eete poslati i skenirani primjerak (ovjeren i potpisan), koji Vam e-mailom dostavi odgovorna osoba u\u010dili\u0161ta.<\/p>\n<p>2. Za ostvarivanje dodatnih bodova temeljem <strong>bra\u0107e i sestara redovitih studenata<\/strong> nije nu\u017eno slati potvrde fakulteta o redovitom \u0161kolovanju; dovoljno je da uz prijavu prilo\u017eite e-Zapis o statusu studenta (kroz projekt e-Gra\u0111ani) ili potvrdu sa studomata.<\/p>\n<p>Za sve upite vezano uz prijavu na natje\u010daj molim zovite <strong>031 251 123<\/strong> ili po\u0161aljite e-mail na <strong>iherceg@stucos.hr.<\/strong><\/p>\n<p style=\"text-align: center;\"><strong>NATJE\u010cAJ ZA OSTVARIVANJE PRAVA STUDENATA NA SMJE\u0160TAJ I RASPODJELU MJESTA U STUDENTSKIM DOMOVIMA U OSIJEKU:<\/strong><br \/>\n<strong>za ak. god. 2020.\/2021.<\/strong><\/p>\n<p>Zbog izmjena u tekstu natje\u010daja, obrascima i potrebnoj dokumentaciji za ak. god. 2020.\/2021. te domskom redu, molimo studente da pa\u017eljivo pro\u010ditaju natje\u010daj i svu pripadaju\u0107u dokumentaciju.<\/p>\n<p>1. <a href=\"http:\/\/www.stucos.unios.hr\/wp-content\/uploads\/2020\/07\/natjec\u030caj-2020..pdf\">Tekst natje\u010daja<\/a><br \/>\n2. <a href=\"http:\/\/www.stucos.unios.hr\/wp-content\/uploads\/2020\/07\/OBRAZAC-B1-brucos\u030ci-2020.pdf\">Obrazac B1 &#8211; bruco\u0161i<\/a><br \/>\n3. <a href=\"http:\/\/www.stucos.unios.hr\/wp-content\/uploads\/2020\/07\/OBRAZAC-B2-2020-preddiplomski-struc\u030cni-intergirani-studij-brucos\u030ci-diplomci.pdf\">Obrazac B2 &#8211; preddiplomski, stru\u010dni, integrirani studij, bruco\u0161i diplomci<\/a><br \/>\n4. <a href=\"http:\/\/www.stucos.unios.hr\/wp-content\/uploads\/2020\/07\/OBRAZAC-B3-2020-diplomci.pdf\">Obrazac B3 &#8211; diplomci<\/a><br \/>\n5. <a href=\"http:\/\/www.stucos.unios.hr\/wp-content\/uploads\/2020\/07\/OBRAZAC-B4-poslijediplomski-studij-studenti-s-invaliditetom.pdf\">Obrazac B4 &#8211; poslijediplomski studij- studenti s invaliditetom<\/a><br \/>\n6. <a href=\"http:\/\/www.stucos.unios.hr\/wp-content\/uploads\/2020\/07\/POPIS-DOKUMENTACIJE.docx\">Popis dokumentacije koju dostavljate na natje\u010daj<\/a><br \/>\n7. <a href=\"http:\/\/www.stucos.unios.hr\/wp-content\/uploads\/2020\/07\/privola.pdf\">Privola za prikupljanje i obradu osobnih podataka<\/a><\/p>\n<p>8. Poveznica za web prijavu (obrazac A): &#8212;<strong>NATJE\u010cAJ JE ZATVOREN<\/strong><\/p>\n<p><span style=\"color: #000000;\"><strong>DOKUMENTACIJA NU\u017dNA ZA NATJE\u010cAJ<\/strong>, <\/span><strong>bez koje se prijava ne\u0107e ni razmatrati:<\/strong><\/p>\n<p><span style=\"color: #000000;\">1) WEB PRIJAVA (obrazac A)<\/span><\/p>\n<p>2) OBRAZAC B<\/p>\n<p>3) PRIVOLA ZA PRIKUPLJANJE I OBRADU OSOBNIH PODATAKA<\/p>\n<p>(<strong>svu navedenu dokumentaciju treba poslati preporu\u010deno po\u0161tom)<\/strong><\/p>\n<p>&#8211; molimo da pri ispunjavanju web prijave (obrasca A):<\/p>\n<p>1. date suglasnost na prikupljanje osobnih podataka<\/p>\n<p>2. date suglasnost na pristup podacima iz sustava EDIP i e-Matica<\/p>\n<p>3. prilikom ispunjavanja podataka o \u010dlanovim obitelji u web prijavi<span style=\"color: #000000;\"> <strong>obvezno unesete podatke o srodstvu<\/strong><\/span>, ina\u010de ne\u0107emo biti u mogu\u0107nosti pristupiti potrebnim podacima<\/p>\n<p>Prilozi natje\u010daju:<\/p>\n<p>1. <a href=\"https:\/\/narodne-novine.nn.hr\/clanci\/sluzbeni\/2019_06_63_1249.html\">Pravilnik o uvjetima i na\u010dinu ostvarivanja prava redovitih studenata na subvencionirano stanovanje<\/a><br \/>\n2. <a href=\"http:\/\/www.stucos.unios.hr\/wp-content\/uploads\/2020\/07\/ODLUKA-O-RASPISIVANJU-NATJEC\u030cAJA.pdf\">Odluka o raspisivanju natje\u010daja<\/a><br \/>\n3. <a href=\"http:\/\/www.stucos.unios.hr\/wp-content\/uploads\/2020\/07\/Odluka_kvote_smjestaj_2020.2021.pdf\">Odluka o iznosu subvencija i kvoti za subvencionirano stanovanje u akademskoj godini 2020.\/2021.<\/a><br \/>\n4. <a href=\"http:\/\/www.stucos.unios.hr\/wp-content\/uploads\/2020\/07\/Pravilnik-o-domskom-redu-2020.pdf\">Pravilnik o domskom redu 2020<\/a><\/p>\n<p>NAPOMENA:<\/p>\n<p>Studenti koji prvi put upisuju prvu godinu studija (BRUCO\u0160I) biti \u0107e smje\u0161teni isklju\u010divo u Novi studentski dom pa molimo bruco\u0161e da prilikom odabira prioriteta u web prijavi ozna\u010de novi dom i novi dom, novi paviljon.<\/p>\n<p><strong>Studenti koji ostvare pravo na smje\u0161taj u Novom paviljonu Studentskog doma K.P. Sva\u010di\u0107a do useljenja u studentski dom primat \u0107e subvenciju smje\u0161taja kod privatnog stanodavca u iznosu od 200,00 kn mjese\u010dno.<\/strong><\/p>\n<div style=\"text-align: left;\" align=\"center\">___________________________________________________________________________________________________________________________<\/div>\n<div align=\"center\"><\/div>\n<div align=\"center\"><strong>ARHIVA (2019.)<\/strong><\/div>\n<div align=\"center\">\n<div align=\"center\">\n<div align=\"center\"><\/div>\n<div align=\"center\">\n<p>NATJE\u010cAJ ZA OSTVARIVANJE PRAVA STUDENATA NA SMJE\u0160TAJ I RASPODJELU MJESTA U STUDENTSKIM DOMOVIMA<\/p>\n<div align=\"center\">TE SUBVENCIJU PRIVATNOG SMJE\u0160TAJA<\/div>\n<div align=\"center\">za ak.god. 2019.\/2020.<strong><br \/>\n<\/strong><\/div>\n<div align=\"center\"><\/div>\n<\/div>\n<div align=\"center\"><strong>&nbsp;<\/strong><\/div>\n<\/div>\n<\/div>\n<div align=\"center\">\n<div style=\"text-align: left;\" align=\"center\">Studenti koji su ostvarili pravo na Novi dom trebaku isprinatati i popuniti 3 primjerka ugovora (<a href=\"http:\/\/www.stucos.unios.hr\/wp-content\/uploads\/2019\/08\/ugovor-novi-dom-2019-20.pdf\">ugovor novi dom 2019-20<\/a>) te ih zajedno s lije\u010dni\u010dkom potvrdom donijeti prilikom upisa u dom. Studenti koji su ostvarili pravo na Dom IGK dobit \u0107e ugovore prilikom upisa.<\/div>\n<div style=\"text-align: left;\" align=\"center\">Studenti koji su ostvarili pravo na subvenciju privatnog smje\u0161taja bit \u0107e obavje\u0161teni&nbsp; po\u010detkom listopada putem e-maila.<\/div>\n<\/div>\n<div align=\"center\"><\/div>\n<div align=\"center\">KONA\u010cNI PREZULTATI NATJE\u010cAJA<\/div>\n<div align=\"center\"><\/div>\n<div style=\"text-align: left;\" align=\"center\"><a href=\"http:\/\/www.stucos.unios.hr\/wp-content\/uploads\/2019\/08\/dom-novi-ostvareno-pravo-stari-studenti-1.pdf\">dom novi ostvareno pravo stari studenti<\/a><\/div>\n<div style=\"text-align: left;\" align=\"center\"><a href=\"http:\/\/www.stucos.unios.hr\/wp-content\/uploads\/2019\/08\/dom-novi-ostvareno-pravo-bruco\u0161i-1.pdf\">dom novi ostvareno pravo bruco\u0161i<\/a><\/div>\n<div style=\"text-align: left;\" align=\"center\"><a href=\"http:\/\/www.stucos.unios.hr\/wp-content\/uploads\/2019\/08\/dom-IGK-ostvareno-pravo-1.pdf\">dom IGK ostvareno pravo<\/a><\/div>\n<div style=\"text-align: left;\" align=\"center\"><a href=\"http:\/\/www.stucos.unios.hr\/wp-content\/uploads\/2019\/08\/subvencija-za-podstanare-ostvareno-pravo-1.pdf\">subvencija za podstanare ostvareno pravo<\/a><\/div>\n<div style=\"text-align: left;\" align=\"center\"><a href=\"http:\/\/www.stucos.unios.hr\/wp-content\/uploads\/2019\/08\/svi-studenti-abecedno-1.pdf\">svi studenti abecedno<\/a><\/div>\n<div align=\"center\"><\/div>\n<div style=\"text-align: left;\" align=\"center\">Useljenje u studentske domove bit \u0107e u subotu 31. kolovoza od 8 do 12 sati te 2. i 3. rujna od 8 do 14 sati za starije studente (u nedjelju ne\u0107e biti mogu\u0107e useliti), a za bruco\u0161e od 1-3. listopada od 8 do 14 sati.<\/div>\n<div style=\"text-align: left;\" align=\"center\">Na useljenje obavezno ponijeti LIJE\u010cNI\u010cKU POTVRDU (bez nje ne\u0107e biti mogu\u0107e useliti) te 3 primjerka UGOVORA koje \u0107e biti mogu\u0107e preuzeti na ovoj stranici u ponedjeljak 26. kolovoza.<\/div>\n<div style=\"text-align: left;\" align=\"center\">Za eventualne primjedbe mo\u017eete se obratiti u ured Novog studentskog doma od ponedjeljka 26. kolovoza svaki radni dan do 15 sati gdje mo\u017eete dobiti i uvid u predmet.<\/div>\n<div style=\"text-align: left;\" align=\"center\">Studenti koji bi dijelili zajedno sobu u NOVOM DOMU mogu se javiti voditelju na e-mail <a href=\"mailto:tknezevic@stucos.hr\">tknezevic@stucos.hr<\/a> dok informacije vezane za Studentski dom IGK mo\u017eete dobiti na telefon 031 574002 od 29. kolovoza.<\/div>\n<div align=\"center\"><\/div>\n<div align=\"center\">_____________________________________________________________________________________________________________________________<\/div>\n<div style=\"text-align: left;\" align=\"center\"><\/div>\n<div style=\"text-align: left;\" align=\"center\"><\/div>\n<div align=\"center\">NATJE\u010cAJ ZA OSTVARIVANJE PRAVA STUDENATA NA SMJE\u0160TAJ I RASPODJELU MJESTA U STUDENTSKIM DOMOVIMA TE SUBVENCIJU PRIVATNOG SMJE\u0160TAJA<\/div>\n<div align=\"center\">za ak.god. 2019.\/2020.<strong><br \/>\n<\/strong><\/div>\n<div style=\"text-align: left;\" align=\"center\"><\/div>\n<div style=\"text-align: left;\" align=\"center\"><a href=\"http:\/\/www.stucos.unios.hr\/wp-content\/uploads\/2019\/07\/Odluka-o-raspisivanju-natje\u010daja.pdf\">Odluka o raspisivanju natje\u010daja<\/a><\/div>\n<div style=\"text-align: left;\" align=\"center\"><a href=\"http:\/\/www.stucos.unios.hr\/wp-content\/uploads\/2019\/07\/natje\u010daj-2019-1.pdf\">Tekst natje\u010daja<\/a><\/div>\n<div style=\"text-align: left;\" align=\"center\"><a href=\"https:\/\/narodne-novine.nn.hr\/clanci\/sluzbeni\/2019_06_63_1249.html\">Pravilnik o uvijetima i na\u010dinu ostvarivanja prava redovitih studenata na subvencionirano stanovanje<\/a><\/div>\n<div style=\"text-align: left;\" align=\"center\">Prijava na natje\u010daj (<strong>OBRAZAC A<\/strong>) &#8211; za bruco\u0161e<\/div>\n<div style=\"text-align: left;\" align=\"center\">Prijava na natje\u010daj (<strong>OBRAZAC A<\/strong>) &#8211; za studente vi\u0161ih godina<\/div>\n<div style=\"text-align: left;\" align=\"center\"><a href=\"http:\/\/www.stucos.unios.hr\/wp-content\/uploads\/2019\/07\/OBRAZAC-B1-2019.pdf\">OBRAZAC B1<\/a><\/div>\n<div style=\"text-align: left;\" align=\"center\"><a href=\"http:\/\/www.stucos.unios.hr\/wp-content\/uploads\/2019\/07\/OBRAZAC-B2-2019.docx\">OBRAZAC B2<\/a><\/div>\n<div style=\"text-align: left;\" align=\"center\"><a href=\"http:\/\/www.stucos.unios.hr\/wp-content\/uploads\/2019\/07\/OBRAZAC-B3-2019.docx\">OBRAZAC B3<\/a><\/div>\n<div style=\"text-align: left;\" align=\"center\"><a href=\"http:\/\/www.stucos.unios.hr\/wp-content\/uploads\/2019\/07\/OBRAZAC-B4-2019.docx\">OBRAZAC B4<\/a><\/div>\n<div style=\"text-align: left;\" align=\"center\"><a href=\"http:\/\/www.stucos.unios.hr\/wp-content\/uploads\/2019\/07\/OBRAZAC-B5-2019.pdf\">OBRAZAC B5<\/a><\/div>\n<div style=\"text-align: left;\" align=\"center\"><a href=\"http:\/\/www.stucos.unios.hr\/wp-content\/uploads\/2019\/07\/privola.pdf\">Privola za prikupljanje i obradu osobnih podataka<\/a><\/div>\n<div align=\"center\"><\/div>\n<div style=\"text-align: left;\" align=\"center\">NAPOMENA &#8211; studenti koji prvi put upisuju prvu godinu (bruco\u0161i) a koji ostvare pravo na stanovanje u studentskom domu, bit \u0107e svi smje\u0161teni u Novi studentski dom, tako da prilikom odabira kod prioriteta ne odabiru Studentski dom IGK<\/div>\n<div style=\"text-align: left;\" align=\"center\"><\/div>\n<p>&#8212;&#8212;&#8212;&#8212;&#8212;&#8212;&#8212;&#8212;&#8212;&#8212;&#8212;&#8212;&#8212;&#8212;&#8212;&#8212;&#8212;&#8212;&#8212;&#8212;&#8212;&#8212;&#8212;&#8212;&#8212;&#8212;&#8212;&#8212;&#8212;&#8212;&#8212;&#8212;&#8212;&#8212;&#8212;&#8212;&#8212;&#8212;&#8211;<\/p>\n<p style=\"text-align: center;\">ARHIVA (2018\/2019)<\/p>\n<p>OBAVIJEST &#8211; studenti koji su ostvarili pravo na smje\u0161taj u dom, a \u017eele me\u0111usobno zamjeniti sobe, neka se&nbsp; u \u0161to kra\u0107em roku jave na e-mail <a href=\"mailto:jolujic@stucos.hr\">jolujic@stucos.hr<\/a><\/p>\n<p><strong>KONA\u010cNI REZULATATI NATJE\u010cAJA ZA OSTVARIVANJE PRAVA STUDENATA NA SMJE\u0160TAJ<\/strong><br \/>\n<strong>I RASPODJELU MJESTA U STUDENTSKIM DOMOVIMA U OSIJEKU TE SUBVENCIJU PRIVATNOG SMJE\u0160TAJA za ak. god.&nbsp; 2018.\/2019.<\/strong><\/p>\n<p>Useljenje za starije studente u studentske domove bit \u0107e u subotu 1. rujna od 8 do 12 sati te 3. i 4. rujna od 8-14 sati, a za bruco\u0161e od 1. do 3. listopada od 8-14 sati.<\/p>\n<p>Prilikom upisa u dom, studenti su du\u017eni dostaviti LIJE\u010cNI\u010cKO UVJERENJE (izdano od svog lije\u010dnika obiteljske medicine) da nemaju kontraindikacija za smje\u0161taj u studentski dom, jer u protivnom ne\u0107e mo\u0107i useliti<\/p>\n<p>Na listama ispod je popis studenata koji su ostvarili pravo.<\/p>\n<p align=\"left\"><a href=\"http:\/\/www.stucos.unios.hr\/wp-content\/uploads\/2018\/08\/stari-studenti-dom-novi.pdf\">stari studenti dom novi<\/a><\/p>\n<p align=\"left\"><a href=\"http:\/\/www.stucos.unios.hr\/wp-content\/uploads\/2018\/08\/stari-studenti-IGK.pdf\">stari studenti IGK<\/a><\/p>\n<p align=\"left\"><a href=\"http:\/\/www.stucos.unios.hr\/wp-content\/uploads\/2018\/08\/bruco\u0161i-dom-novi.pdf\">bruco\u0161i dom novi<\/a><\/p>\n<p align=\"left\"><a href=\"http:\/\/www.stucos.unios.hr\/wp-content\/uploads\/2018\/08\/bruco\u0161i-IGK.pdf\">bruco\u0161i IGK<\/a><\/p>\n<p align=\"left\"><a href=\"http:\/\/www.stucos.unios.hr\/wp-content\/uploads\/2018\/08\/subvencij-za-podstanare.pdf\">subvencij za podstanare<\/a><\/p>\n<p align=\"left\"><a href=\"http:\/\/www.stucos.unios.hr\/wp-content\/uploads\/2018\/08\/svi-studenti-abecedno-1.pdf\">svi studenti &#8211; abecedno<\/a><\/p>\n<p align=\"left\">Studenti mogu pogledati bodovanje svog predmeta uno\u0161enjem korisni\u010dkog imena i lozinke koju su dobili na e-mail prilikom prijave na natje\u010daj <a href=\"https:\/\/gate1.stucos.hr\/sc\/85\/login\/\">OVDJE<\/a><\/p>\n<p align=\"left\">Za dodatne informacije zvati na broj 031 251 121 radnim danom od 8-14, a uvid u predmete mogu\u0107 je od 3. rujna u Novom studentskom domu.<\/p>\n<p align=\"left\">Studenti koji su ostvarili pravo na smje\u0161taj u Novom domu, a \u017eele biti zajedno u sobi, mogu se javiti na e-mail <a href=\"mailto:tknezevic@stucos.hr\">tknezevic@stucos.hr<\/a> do 29. kolovoza.<\/p>\n<p align=\"left\"><a href=\"http:\/\/www.stucos.unios.hr\/wp-content\/uploads\/2018\/06\/natje\u010daj-2018.pdf\">NATJE\u010cAJ<br \/>\nZA OSTVARIVANJE PRAVA STUDENATA NA SMJE\u0160TAJ<br \/>\nI RASPODJELU MJESTA U STUDENTSKIM DOMOVIMA U OSIJEKU TE SUBVENCIJU PRIVATNOG SMJE\u0160TAJA za ak. god.&nbsp; 2018.\/2019.<\/a><\/p>\n<p class=\"Box_454596 TB-NA16 pcenter\"><a href=\"http:\/\/narodne-novine.nn.hr\/clanci\/sluzbeni\/2017_06_53_1206.html\">PRAVILNIK O UVJETIMA I NA\u010cINU OSTVARIVANJA PRAVA REDOVITIH STUDENATA NA SUBVENCIONIRANO STANOVANJE<\/a><\/p>\n<p align=\"left\"><a href=\"http:\/\/www.stucos.unios.hr\/wp-content\/uploads\/2018\/06\/odluka-o-kvotama-2018.pdf\">Odluka o iznosu subvencija i kvoti za subvencionirano stanovanje u akademskoj godini 2017\/2018<\/a><\/p>\n<p align=\"left\">PRIJAVA (OBRAZAC A)<\/p>\n<p align=\"left\"><a href=\"http:\/\/www.stucos.unios.hr\/wp-content\/uploads\/2018\/06\/OBRAZAC-B1-2018.doc\">OBRAZAC B1 &#8211; bruco\u0161i<\/a><\/p>\n<p align=\"left\"><a href=\"http:\/\/www.stucos.unios.hr\/wp-content\/uploads\/2018\/06\/OBRAZAC-B2-2018.docx\">OBRAZAC B2 &#8211; preddiplomski, stru\u010dni i integrirani studij<\/a><\/p>\n<p align=\"left\"><a href=\"http:\/\/www.stucos.unios.hr\/wp-content\/uploads\/2018\/06\/OBRAZAC-B3-2018.docx\">OBRAZAC B3 &#8211; <\/a>upis prve godine diplomskog i specijalisti\u010dkog stru\u010dnog diplomskog studija<\/p>\n<p align=\"left\"><a href=\"http:\/\/www.stucos.unios.hr\/wp-content\/uploads\/2018\/06\/OBRAZAC-B4-2018.docx\">OBRAZAC B4 &#8211;<\/a> diplomski i specijalisti\u010dki stru\u010dni diplomski (vi\u0161e godine)<\/p>\n<p align=\"left\"><a href=\"http:\/\/www.stucos.unios.hr\/wp-content\/uploads\/2018\/06\/OBRAZAC-B5-2018.docx\">OBRAZAC B5 &#8211; <\/a>studenti s invaliditetom od 1-5 kategorija \u2013 poslijediplomski sveu\u010dili\u0161ni (doktorski) studij<\/p>\n<p align=\"left\">Za dodatne informacije mo\u017eete nazvati na:<\/p>\n<p align=\"left\">(031) 574 002<\/p>\n","protected":false},"excerpt":{"rendered":"<p>OBAVIJEST Useljenje u Novi paviljon je odgo\u0111eno do daljnjega. Studenti koji su ostvarili pravo na njega biti \u0107e obavije\u0161teni e-mailom o novom datumu useljenja, a do tada \u0107e i dalje primati subvenciju privatnog smje\u0161taja. OBAVIJEST Useljenje u Novi paviljon Novog studentskog doma K. P. Sva\u010di\u0107a 1c planirano je za sije\u010danj 2021., a do tada \u0107e [&hellip;]<\/p>\n","protected":false},"author":1,"featured_media":0,"parent":0,"menu_order":0,"comment_status":"closed","ping_status":"closed","template":"","meta":[],"_links":{"self":[{"href":"http:\/\/www.stucos.unios.hr\/index.php?rest_route=\/wp\/v2\/pages\/134"}],"collection":[{"href":"http:\/\/www.stucos.unios.hr\/index.php?rest_route=\/wp\/v2\/pages"}],"about":[{"href":"http:\/\/www.stucos.unios.hr\/index.php?rest_route=\/wp\/v2\/types\/page"}],"author":[{"embeddable":true,"href":"http:\/\/www.stucos.unios.hr\/index.php?rest_route=\/wp\/v2\/users\/1"}],"replies":[{"embeddable":true,"href":"http:\/\/www.stucos.unios.hr\/index.php?rest_route=%2Fwp%2Fv2%2Fcomments&post=134"}],"version-history":[{"count":112,"href":"http:\/\/www.stucos.unios.hr\/index.php?rest_route=\/wp\/v2\/pages\/134\/revisions"}],"predecessor-version":[{"id":3918,"href":"http:\/\/www.stucos.unios.hr\/index.php?rest_route=\/wp\/v2\/pages\/134\/revisions\/3918"}],"wp:attachment":[{"href":"http:\/\/www.stucos.unios.hr\/index.php?rest_route=%2Fwp%2Fv2%2Fmedia&parent=134"}],"curies":[{"name":"wp","href":"https:\/\/api.w.org\/{rel}","templated":true}]}}